376
CDUS41 KOKX 222031
CLINYC


CLIMATE REPORT
NATIONAL WEATHER SERVICE NEW YORK NY
430 PM EDT SUN APR 22 2018


...................................

...THE CENTRAL PARK NY CLIMATE SUMMARY FOR APRIL 22 2018...
VALID TODAY AS OF 0400 PM LOCAL TIME.

CLIMATE NORMAL PERIOD 1981 TO 2010
CLIMATE RECORD PERIOD 1869 TO 2018


WEATHER ITEM   OBSERVED TIME   RECORD YEAR NORMAL DEPARTURE LAST
                VALUE   (LST)  VALUE       VALUE  FROM      YEAR
                                                  NORMAL
..................................................................
TEMPERATURE (F)
 TODAY
  MAXIMUM         67    228 PM  86    2001  64      3       57
                                      1973
                                      1962
  MINIMUM         44    532 AM  33    1947  47     -3       49
                                      1922
  AVERAGE         56                        55      1       53

PRECIPITATION (IN)
  TODAY            0.00          2.45 2012   0.14  -0.14     0.11
  MONTH TO DATE    4.45                      3.38   1.07     2.53
  SINCE MAR 1      9.62                      7.74   1.88     7.78
  SINCE JAN 1     17.63                     14.48   3.15    15.09

SNOWFALL (IN)
  TODAY            0.0           T    1972   0.0    0.0      0.0
                                      2000
                                      2000
  MONTH TO DATE    5.5                       0.6    4.9      0.0
  SINCE OCT 1     40.9                      25.8   15.1     30.2
  SINCE JUL 1     40.9                      25.8   15.1     30.2
  SNOW DEPTH       0

DEGREE DAYS
 HEATING
  TODAY            9                        10     -1       12
  MONTH TO DATE  393                       299     94      214
  SINCE MAR 1   1158                       999    159     1007
  SINCE JUL 1   4404                      4521   -117     3990

 COOLING
  TODAY            0                         1     -1        0
  MONTH TO DATE    6                         1      5       17
  SINCE MAR 1      6                         2      4       17
  SINCE JAN 1      8                         2      6       17
..................................................................


WIND (MPH)
  HIGHEST WIND SPEED    10   HIGHEST WIND DIRECTION     W (260)
  HIGHEST GUST SPEED    16   HIGHEST GUST DIRECTION    NW (310)
  AVERAGE WIND SPEED     4.2


SKY COVER
  AVERAGE SKY COVER 0.0


WEATHER CONDITIONS
 THE FOLLOWING WEATHER WAS RECORDED TODAY.
  NO SIGNIFICANT WEATHER WAS OBSERVED.


RELATIVE HUMIDITY (PERCENT)
 HIGHEST    33           500 AM
 LOWEST     13           200 PM
 AVERAGE    23

..........................................................


THE CENTRAL PARK NY CLIMATE NORMALS FOR TOMORROW
                         NORMAL    RECORD    YEAR
 MAXIMUM TEMPERATURE (F)   64        86      2007
 MINIMUM TEMPERATURE (F)   47        32      1930


SUNRISE AND SUNSET
APRIL 22 2018.........SUNRISE   607 AM EDT   SUNSET   743 PM EDT
APRIL 23 2018.........SUNRISE   605 AM EDT   SUNSET   744 PM EDT


-  INDICATES NEGATIVE NUMBERS.
R  INDICATES RECORD WAS SET OR TIED.
MM INDICATES DATA IS MISSING.
T  INDICATES TRACE AMOUNT.




$$
