000
CDUS43 KEAX 210034
CLIOJC


CLIMATE REPORT
NATIONAL WEATHER SERVICE KANSAS CITY/PLEASANT HILL MO
733 PM CDT SUN MAY 20 2018


...................................

...THE JOHNSON COUNTY EXECUTIVE KS CLIMATE SUMMARY FOR MAY 20 2018...
VALID TODAY AS OF 0700 PM LOCAL TIME.

CLIMATE NORMAL PERIOD 1981 TO 2010
CLIMATE RECORD PERIOD 9999 TO 9999


WEATHER ITEM   OBSERVED TIME   NORMAL DEPARTURE LAST
                VALUE   (LST)  VALUE  FROM      YEAR
                                      NORMAL
......................................................
TEMPERATURE (F)
 TODAY
  MAXIMUM         71    245 PM  76     -5       63
  MINIMUM         62    531 AM  56      6       48
  AVERAGE         67            66      1       56

PRECIPITATION (IN)
  TODAY            0.40          0.19   0.21     0.05
  MONTH TO DATE    1.94          3.58  -1.64     3.04
  SINCE MAR 1      6.09         10.20  -4.11    11.15
  SINCE JAN 1      7.50         12.89  -5.39    12.07

DEGREE DAYS
 HEATING
  TODAY            0             2     -2        9
  MONTH TO DATE    0            77    -77       67
  SINCE MAR 1   1175          1015    160      845
  SINCE JUL 1   5063          4908    155     3985

 COOLING
  TODAY            2             3     -1        0
  MONTH TO DATE  132            37     95       50
  SINCE MAR 1    138            55     83       76
  SINCE JAN 1    138            55     83       76
......................................................


WIND (MPH)
  HIGHEST WIND SPEED    14   HIGHEST WIND DIRECTION     S (190)
  HIGHEST GUST SPEED    20   HIGHEST GUST DIRECTION     S (180)
  AVERAGE WIND SPEED     3.8


SKY COVER
  AVERAGE SKY COVER 0.8


WEATHER CONDITIONS
 THE FOLLOWING WEATHER WAS RECORDED TODAY.
  THUNDERSTORM
  HEAVY RAIN
  RAIN
  LIGHT RAIN
  FOG


RELATIVE HUMIDITY (PERCENT)
 HIGHEST   100           100 AM
 LOWEST     78           300 PM
 AVERAGE    89

..........................................................


THE JOHNSON COUNTY EXECUTIVE KS CLIMATE NORMALS FOR TOMORROW
                         NORMAL
 MAXIMUM TEMPERATURE (F)   76
 MINIMUM TEMPERATURE (F)   57


SUNRISE AND SUNSET
MAY 20 2018...........SUNRISE   602 AM CDT   SUNSET   829 PM CDT
MAY 21 2018...........SUNRISE   602 AM CDT   SUNSET   830 PM CDT


-  INDICATES NEGATIVE NUMBERS.
R  INDICATES RECORD WAS SET OR TIED.
MM INDICATES DATA IS MISSING.
T  INDICATES TRACE AMOUNT.




$$
