000
CDUS43 KOAX 240622
CLIOMA


CLIMATE REPORT
NATIONAL WEATHER SERVICE OMAHA NEBRASKA
120 AM CDT THU MAY 24 2018


...................................

...THE OMAHA EPPLEY, NEBRASKA CLIMATE SUMMARY FOR MAY 23 2018...

CLIMATE NORMAL PERIOD 1981 TO 2010
CLIMATE RECORD PERIOD 1871 TO 2018


WEATHER ITEM   OBSERVED TIME   RECORD YEAR NORMAL DEPARTURE LAST
                VALUE   (LST)  VALUE       VALUE  FROM      YEAR
                                                  NORMAL
..................................................................
TEMPERATURE (F)
 YESTERDAY
  MAXIMUM         92    454 PM  93    2012  76     16       61
                                      1939
  MINIMUM         67    541 AM  38    1963  53     14       47
  AVERAGE         80                        65     15       54

PRECIPITATION (IN)
  YESTERDAY        0.00          1.29 1932   0.16  -0.16     0.02
  MONTH TO DATE    1.88                      3.49  -1.61     4.32
  SINCE MAR 1      4.97                      8.44  -3.47     9.13
  SINCE JAN 1      6.71                     10.01  -3.30    11.03

SNOWFALL (IN)
  YESTERDAY        0.0                       0.0    0.0      0.0
  MONTH TO DATE    0.0                       0.1   -0.1       T
  SINCE JUL 1     17.0                      26.5   -9.5     11.4
  SNOW DEPTH       0

DEGREE DAYS
 HEATING
  YESTERDAY        0                         3     -3       11
  MONTH TO DATE   33                       128    -95      118
  SINCE MAR 1   1393                      1332     61     1099
  SINCE JUL 1   6040                      6130    -90     4926

 COOLING
  YESTERDAY       15                         3     12        0
  MONTH TO DATE   84                        38     46       69
  SINCE MAR 1     93                        54     39       77
  SINCE JAN 1     93                        54     39       77
..................................................................


WIND (MPH)
  HIGHEST WIND SPEED    22   HIGHEST WIND DIRECTION    SE (150)
  HIGHEST GUST SPEED    31   HIGHEST GUST DIRECTION     S (180)
  AVERAGE WIND SPEED    11.6


SKY COVER
  POSSIBLE SUNSHINE  MM
  AVERAGE SKY COVER 0.4


WEATHER CONDITIONS
 THE FOLLOWING WEATHER WAS RECORDED YESTERDAY.
  NO SIGNIFICANT WEATHER WAS OBSERVED.


RELATIVE HUMIDITY (PERCENT)
 HIGHEST    87           600 AM
 LOWEST     34           500 PM
 AVERAGE    61

..........................................................


THE OMAHA EPPLEY, NEBRASKA CLIMATE NORMALS FOR TODAY
                         NORMAL    RECORD    YEAR
 MAXIMUM TEMPERATURE (F)   76        99      1939
 MINIMUM TEMPERATURE (F)   54        36      1924


SUNRISE AND SUNSET
MAY 24 2018...........SUNRISE   557 AM CDT   SUNSET   844 PM CDT
MAY 25 2018...........SUNRISE   557 AM CDT   SUNSET   845 PM CDT


-  INDICATES NEGATIVE NUMBERS.
R  INDICATES RECORD WAS SET OR TIED.
MM INDICATES DATA IS MISSING.
T  INDICATES TRACE AMOUNT.


$$

BCM
