000
CDUS45 KBOI 220933
CLIONO


CLIMATE REPORT
NATIONAL WEATHER SERVICE BOISE ID
332 AM MDT TUE MAY 22 2018


...................................

...THE ONTARIO OR CLIMATE SUMMARY FOR MAY 21 2018...

CLIMATE NORMAL PERIOD 1981 TO 2010
CLIMATE RECORD PERIOD 1948 TO 2018


WEATHER ITEM   OBSERVED TIME   RECORD YEAR NORMAL DEPARTURE LAST
                VALUE   (LST)  VALUE       VALUE  FROM      YEAR
                                                  NORMAL
..................................................................
TEMPERATURE (F)
 YESTERDAY
  MAXIMUM         82    527 PM  96    1967  76      6       79
  MINIMUM         57    618 AM  30    1974  46     11       48
  AVERAGE         70                        61      9       64

PRECIPITATION (IN)
  YESTERDAY        0.00          1.03 1998   0.05  -0.05     0.00
  MONTH TO DATE    0.71                      0.85  -0.14     1.13
  SINCE OCT 1      6.30                      8.05  -1.75    12.03
  SINCE JAN 1      3.59                      4.64  -1.05     8.71

DEGREE DAYS
 HEATING
  YESTERDAY        0                         5     -5        1
  MONTH TO DATE   37                       165   -128      156
  SINCE MAR 1   1010                      1276   -266     1136
  SINCE JUL 1   5187                      5906   -719     6010

 COOLING
  YESTERDAY        5                         1      4        0
  MONTH TO DATE   23                        16      7        6
  SINCE MAR 1     23                        17      6        6
  SINCE JAN 1     23                        17      6        6
..................................................................


WIND (MPH)
  HIGHEST WIND SPEED    15   HIGHEST WIND DIRECTION    NW (320)
  HIGHEST GUST SPEED    20   HIGHEST GUST DIRECTION    NW (320)
  AVERAGE WIND SPEED     4.0


SKY COVER
  AVERAGE SKY COVER 0.4


WEATHER CONDITIONS
 THE FOLLOWING WEATHER WAS RECORDED YESTERDAY.
  NO SIGNIFICANT WEATHER WAS OBSERVED.


RELATIVE HUMIDITY (PERCENT)
 HIGHEST    86           500 AM
 LOWEST     33           400 PM
 AVERAGE    60

..........................................................


THE ONTARIO OR CLIMATE NORMALS FOR TODAY
                         NORMAL    RECORD    YEAR
 MAXIMUM TEMPERATURE (F)   77        95      1967
                                             1956
 MINIMUM TEMPERATURE (F)   46        26      1960


SUNRISE AND SUNSET
MAY 22 2018...........SUNRISE   615 AM MDT   SUNSET   915 PM MDT
MAY 23 2018...........SUNRISE   614 AM MDT   SUNSET   916 PM MDT


-  INDICATES NEGATIVE NUMBERS.
R  INDICATES RECORD WAS SET OR TIED.
MM INDICATES DATA IS MISSING.
T  INDICATES TRACE AMOUNT.




$$
