000
CDAK49 PAFG 230951
CLIOTZ

CLIMATE REPORT
NATIONAL WEATHER SERVICE FAIRBANKS AK
151 AM AKDT MON APR 23 2018


...................................

...THE KOTZEBUE AK CLIMATE SUMMARY FOR APRIL 22 2018...

CLIMATE NORMAL PERIOD 1981 TO 2010
CLIMATE RECORD PERIOD 1920 TO 2018


WEATHER ITEM   OBSERVED TIME   RECORD YEAR NORMAL DEPARTURE LAST
                VALUE   (LST)  VALUE       VALUE  FROM      YEAR
                                                  NORMAL
..................................................................
TEMPERATURE (F)
 YESTERDAY
  MAXIMUM         29    654 PM  45    2014  25      4       38
                                      1931
  MINIMUM          8    334 AM -15    1985  10     -2       22
                                      1976
                                      1948
  AVERAGE         19                        18      1       30

PRECIPITATION (IN)
  YESTERDAY        0.00          0.40 1931   0.02  -0.02     0.00
  MONTH TO DATE    0.03                      0.38  -0.35     0.05
  SINCE MAR 1      2.08                      0.82   1.26     0.08
  SINCE JAN 1      3.46                      2.10   1.36     1.67

SNOWFALL (IN)
  YESTERDAY        0.0           2.5  1931   0.1   -0.1      0.0
  MONTH TO DATE    0.2                       3.9   -3.7      1.3
  SINCE MAR 1     24.5                       9.8   14.7      2.0
  SINCE JUL 1    103.9                      57.4   46.5     52.2
  SNOW DEPTH      48

DEGREE DAYS
 HEATING
  YESTERDAY       46                        47     -1       35
  MONTH TO DATE 1029                      1198   -169      959
  SINCE MAR 1   2640                      3180   -540     3128
  SINCE JUL 1  11326                     13425  -2099    11987

 COOLING
  YESTERDAY        0                         0      0        0
  MONTH TO DATE    0                         0      0        0
  SINCE MAR 1      0                         0      0        0
  SINCE JAN 1      0                         0      0        0
..................................................................


WIND (MPH)
  HIGHEST GUST SPEED    13   HIGHEST GUST DIRECTION    NE (50)


SKY COVER
  AVERAGE SKY COVER 0.0


WEATHER CONDITIONS
 THE FOLLOWING WEATHER WAS RECORDED YESTERDAY.
  NO SIGNIFICANT WEATHER WAS OBSERVED.


RELATIVE HUMIDITY (PERCENT)
 HIGHEST    69
 LOWEST     57
 AVERAGE    63

..........................................................


THE KOTZEBUE AK CLIMATE NORMALS FOR TODAY
                         NORMAL    RECORD    YEAR
 MAXIMUM TEMPERATURE (F)   26        45      1931
 MINIMUM TEMPERATURE (F)   11       -16      1966
                                             1948


SUNRISE AND SUNSET
APRIL 23 2018.........SUNRISE   632 AM AKDT  SUNSET  1109 PM AKDT
APRIL 24 2018.........SUNRISE   628 AM AKDT  SUNSET  1113 PM AKDT

-  INDICATES NEGATIVE NUMBERS.
R  INDICATES RECORD WAS SET OR TIED.
MM INDICATES DATA IS MISSING.
T  INDICATES TRACE AMOUNT.

&&

SNOW DEPTH IS MEASURED AT 3AM AKST/4AM AKDT.

----------------------------
AVAILABLE DAYLIGHT

AMOUNT OF DAYLIGHT TODAY  (HOUR:MIN)........16:37
GAIN/LOSS SINCE YESTERDAY (HOUR:MIN:SEC)....+0:07:55

$$
AY APR 18
