224
CDUS45 KLKN 210927
CLIP68


CLIMATE REPORT
NATIONAL WEATHER SERVICE ELKO NV
227 AM PDT SAT APR 21 2018


...................................

...THE EUREKA AIRPORT NV CLIMATE SUMMARY FOR APRIL 20 2018...

CLIMATE NORMAL PERIOD 1981 TO 2010
CLIMATE RECORD PERIOD 1963 TO 2018


WEATHER ITEM   OBSERVED TIME   RECORD YEAR NORMAL DEPARTURE LAST
                VALUE   (LST)  VALUE       VALUE  FROM      YEAR
                                                  NORMAL
..................................................................
TEMPERATURE (F)
 YESTERDAY
  MAXIMUM         60    420 PM  82    1994  60      0       53
  MINIMUM         25    523 AM   4    1966  29     -4       32
  AVERAGE         43                        44     -1       43

PRECIPITATION (IN)
  YESTERDAY        0.00          0.16 1995   0.03  -0.03     0.00
  MONTH TO DATE    0.80                      0.63   0.17     1.83
  SINCE OCT 1      5.98                      5.29   0.69     8.29
  SINCE JAN 1      4.79                      3.16   1.63     6.20

DEGREE DAYS
 HEATING
  YESTERDAY       22                        21      1       22
  MONTH TO DATE  419                       459    -40      430
  SINCE MAR 1   1440                      1330    110     1115
  SINCE JUL 1   6090                      6615   -525     5975

 COOLING
  YESTERDAY        0                         0      0        0
  MONTH TO DATE    0                         0      0        0
  SINCE MAR 1      0                         0      0        0
  SINCE JAN 1      0                         0      0        0
..................................................................


WIND (MPH)
  HIGHEST WIND SPEED    24   HIGHEST WIND DIRECTION     N (350)
  HIGHEST GUST SPEED    35   HIGHEST GUST DIRECTION     N (350)
  AVERAGE WIND SPEED     9.3




RELATIVE HUMIDITY (PERCENT)
 HIGHEST    85           300 AM
 LOWEST     19           400 PM
 AVERAGE    52

..........................................................


THE EUREKA AIRPORT NV CLIMATE NORMALS FOR TODAY
                         NORMAL    RECORD    YEAR
 MAXIMUM TEMPERATURE (F)   60        81      2012
 MINIMUM TEMPERATURE (F)   29         8      2008


SUNRISE AND SUNSET
APRIL 21 2018.........SUNRISE   558 AM PDT   SUNSET   728 PM PDT
APRIL 22 2018.........SUNRISE   557 AM PDT   SUNSET   729 PM PDT


-  INDICATES NEGATIVE NUMBERS.
R  INDICATES RECORD WAS SET OR TIED.
MM INDICATES DATA IS MISSING.
T  INDICATES TRACE AMOUNT.




$$
