000
CDUS41 KPBZ 260701
CLIPHD


CLIMATE REPORT
NATIONAL WEATHER SERVICE PITTSBURGH PA
300 AM EDT THU APR 26 2018


...................................

...THE NEW PHILADELPHIA OH CLIMATE SUMMARY FOR APRIL 25 2018...

CLIMATE NORMAL PERIOD 1981 TO 2010
CLIMATE RECORD PERIOD 1948 TO 2018


WEATHER ITEM   OBSERVED TIME   RECORD YEAR NORMAL DEPARTURE LAST
                VALUE   (LST)  VALUE       VALUE  FROM      YEAR
                                                  NORMAL
..................................................................
TEMPERATURE (F)
 YESTERDAY
  MAXIMUM         57    124 PM  87    2009  66     -9       70
  MINIMUM         39            27    1995  41     -2       51
                                      1974
  AVERAGE         48                        54     -6       61

PRECIPITATION (IN)
  YESTERDAY        0.02          1.18 1950   0.12  -0.10     0.20
  MONTH TO DATE    4.86                      2.78   2.08     3.06
  SINCE JUN 1     35.26                     34.08   1.18    34.31
  SINCE JAN 1     14.74                     10.78   3.96    13.73

DEGREE DAYS
 HEATING
  YESTERDAY       17                        11      6        4
  MONTH TO DATE  490                       377    113      256
  SINCE MAR 1   1390                      1156    234     1009
  SINCE JUL 1   5480                      5363    117     4506

 COOLING
  YESTERDAY        0                         0      0        0
  MONTH TO DATE    8                         0      8       16
  SINCE MAR 1      8                         1      7       16
  SINCE JAN 1     13                         1     12       16
..................................................................


WIND (MPH)
  HIGHEST WIND SPEED    18   HIGHEST WIND DIRECTION    NW (330)
  HIGHEST GUST SPEED    24   HIGHEST GUST DIRECTION    NW (330)
  AVERAGE WIND SPEED     5.1


SKY COVER
  POSSIBLE SUNSHINE  MM
  AVERAGE SKY COVER 0.9


WEATHER CONDITIONS
 THE FOLLOWING WEATHER WAS RECORDED YESTERDAY.
  LIGHT RAIN
  FOG


RELATIVE HUMIDITY (PERCENT)
 HIGHEST    93          1100 PM
 LOWEST     71           700 PM
 AVERAGE    82

..........................................................


THE NEW PHILADELPHIA OH CLIMATE NORMALS FOR TODAY
                         NORMAL    RECORD    YEAR
 MAXIMUM TEMPERATURE (F)   67        87      1990
 MINIMUM TEMPERATURE (F)   42        27      1972


SUNRISE AND SUNSET
APRIL 26 2018.........SUNRISE   631 AM EDT   SUNSET   816 PM EDT
APRIL 27 2018.........SUNRISE   630 AM EDT   SUNSET   817 PM EDT


-  INDICATES NEGATIVE NUMBERS.
R  INDICATES RECORD WAS SET OR TIED.
MM INDICATES DATA IS MISSING.
T  INDICATES TRACE AMOUNT.




$$
