000
CDUS43 KUNR 200831
CLIPHP


CLIMATE REPORT
NATIONAL WEATHER SERVICE RAPID CITY SD
231 AM MDT FRI APR 20 2018


...................................

...THE PHILIP SD CLIMATE SUMMARY FOR APRIL 19 2018...

CLIMATE NORMAL PERIOD 1981 TO 2010
CLIMATE RECORD PERIOD 9999 TO 9999


WEATHER ITEM   OBSERVED TIME   NORMAL DEPARTURE LAST
                VALUE   (LST)  VALUE  FROM      YEAR
                                      NORMAL
......................................................
TEMPERATURE (F)
 YESTERDAY
  MAXIMUM         57    210 PM  62     -5       48
  MINIMUM         24    448 AM  34    -10       42
  AVERAGE         41            48     -7       45

PRECIPITATION (IN)
  YESTERDAY        0.00          0.08  -0.08     0.83
  MONTH TO DATE    0.84          0.94  -0.10     1.50
  SINCE MAR 1      2.56          2.21   0.35     2.30
  SINCE JAN 1      3.99          2.99   1.00     3.37

DEGREE DAYS
 HEATING
  YESTERDAY       24            17      7       20
  MONTH TO DATE  602           394    208      295
  SINCE MAR 1   1621          1332    289     1108
  SINCE JUL 1   7161          6697    464     6168

 COOLING
  YESTERDAY        0             0      0        0
  MONTH TO DATE    0             0      0        0
  SINCE MAR 1      0             0      0        0
  SINCE JAN 1      0             0      0        0
......................................................


WIND (MPH)
  HIGHEST WIND SPEED    22   HIGHEST WIND DIRECTION     E (110)
  HIGHEST GUST SPEED    31   HIGHEST GUST DIRECTION    SE (150)
  AVERAGE WIND SPEED     9.4


SKY COVER
  AVERAGE SKY COVER 0.1


WEATHER CONDITIONS
 THE FOLLOWING WEATHER WAS RECORDED YESTERDAY.
  FOG
  FOG W/VISIBILITY <= 1/4 MILE


RELATIVE HUMIDITY (PERCENT)
 HIGHEST   100           100 AM
 LOWEST     38           100 PM
 AVERAGE    69

..........................................................




SUNRISE AND SUNSET
APRIL 20 2018.........SUNRISE   555 AM MDT   SUNSET   737 PM MDT
APRIL 21 2018.........SUNRISE   553 AM MDT   SUNSET   738 PM MDT


-  INDICATES NEGATIVE NUMBERS.
R  INDICATES RECORD WAS SET OR TIED.
MM INDICATES DATA IS MISSING.
T  INDICATES TRACE AMOUNT.




$$
