000
CDUS45 KPSR 270021
CLIPHX

CLIMATE REPORT
NATIONAL WEATHER SERVICE PHOENIX AZ
521 PM MST THU APR 26 2018


...................................

...THE PHOENIX AZ CLIMATE SUMMARY FOR APRIL 26 2018...
VALID TODAY AS OF 0500 PM LOCAL TIME.

CLIMATE NORMAL PERIOD 1981 TO 2010
CLIMATE RECORD PERIOD 1895 TO 2018


WEATHER ITEM   OBSERVED TIME   RECORD YEAR NORMAL DEPARTURE LAST
                VALUE   (LST)  VALUE       VALUE  FROM      YEAR
                                                  NORMAL
..................................................................
TEMPERATURE (F)
 TODAY
  MAXIMUM         97    311 PM 101    1992  88      9       90
                                      1898
  MINIMUM         70    621 AM  42    1964  63      7       64
  AVERAGE         84                        76      8       77

PRECIPITATION (IN)
  TODAY            0.00          0.20 1951   0.00   0.00     0.00
  MONTH TO DATE    0.00                      0.26  -0.26      T
  SINCE OCT 1      1.00                      5.19  -4.19     4.23
  SINCE JAN 1      0.77                      3.08  -2.31     2.40

SNOWFALL (IN)
  TODAY            0.0
  MONTH TO DATE    0.0
  SINCE JAN 1      0.0
  SINCE JUL 1      0.0
  SNOW DEPTH       0

DEGREE DAYS
 HEATING
  TODAY            0                         0      0        0
  MONTH TO DATE    0                        17    -17        2
  SINCE MAR 1     35                        98    -63       25
  SINCE JUL 1    499                       931   -432      693

 COOLING
  TODAY           19                        11      8       12
  MONTH TO DATE  311                       204    107      280
  SINCE MAR 1    411                       291    120      485
  SINCE JAN 1    433                       308    125      505
..................................................................


WIND (MPH)
  HIGHEST WIND SPEED    16   HIGHEST WIND DIRECTION     W (270)
  HIGHEST GUST SPEED    23   HIGHEST GUST DIRECTION    SW (240)
  AVERAGE WIND SPEED     6.2


SKY COVER
  AVERAGE SKY COVER 0.7


WEATHER CONDITIONS
 THE FOLLOWING WEATHER WAS RECORDED TODAY.
  NO SIGNIFICANT WEATHER WAS OBSERVED.


RELATIVE HUMIDITY (PERCENT)
 HIGHEST    25           500 AM
 LOWEST     10          1200 PM
 AVERAGE    18

..........................................................


THE PHOENIX AZ CLIMATE NORMALS FOR TOMORROW
                         NORMAL    RECORD    YEAR
 MAXIMUM TEMPERATURE (F)   89       104      1992
 MINIMUM TEMPERATURE (F)   64        45      1975
                                             1971
                                             1969


SUNRISE AND SUNSET
APRIL 26 2018.........SUNRISE   545 AM MST   SUNSET   707 PM MST
APRIL 27 2018.........SUNRISE   544 AM MST   SUNSET   708 PM MST


-  INDICATES NEGATIVE NUMBERS.
R  INDICATES RECORD WAS SET OR TIED.
MM INDICATES DATA IS MISSING.
T  INDICATES TRACE AMOUNT.

$$
