000
CDUS43 KILX 220630
CLIPIA


CLIMATE REPORT
NATIONAL WEATHER SERVICE LINCOLN IL
128 AM CDT TUE MAY 22 2018


...................................

...THE PEORIA IL CLIMATE SUMMARY FOR MAY 21 2018...

CLIMATE NORMAL PERIOD 1981 TO 2010
CLIMATE RECORD PERIOD 1883 TO 2018


WEATHER ITEM   OBSERVED TIME   RECORD YEAR NORMAL DEPARTURE LAST
                VALUE   (LST)  VALUE       VALUE  FROM      YEAR
                                                  NORMAL
..................................................................
TEMPERATURE (F)
 YESTERDAY
  MAXIMUM         79    436 PM  94    1934  75      4       67
  MINIMUM         55    240 AM  33    2002  53      2       48
  AVERAGE         67                        64      3       58

PRECIPITATION (IN)
  YESTERDAY        1.24R         0.82 1974   0.15   1.09     0.00
  MONTH TO DATE    2.14                      2.98  -0.84     1.99
  SINCE MAR 1      7.59                      9.41  -1.82    14.20
  SINCE JAN 1     14.01                     12.98   1.03    16.86

SNOWFALL (IN)
  YESTERDAY        0.0           0.0    MM   0.0    0.0      0.0
  MONTH TO DATE    0.0                       0.0    0.0      0.0
  SINCE MAR 1     11.8                       3.3    8.5      4.2
  SINCE JUL 1     32.1                      24.6    7.5     13.9
  SNOW DEPTH       0

DEGREE DAYS
 HEATING
  YESTERDAY        0                         4     -4        7
  MONTH TO DATE    7                       120   -113      129
  SINCE MAR 1   1409                      1269    140     1073
  SINCE JUL 1   5769                      5785    -16     4680

 COOLING
  YESTERDAY        2                         3     -1        0
  MONTH TO DATE   95                        33     62       50
  SINCE MAR 1     97                        47     50       68
  SINCE JAN 1     97                        47     50       68
..................................................................


WIND (MPH)
  HIGHEST WIND SPEED    15   HIGHEST WIND DIRECTION    SW (240)
  HIGHEST GUST SPEED    22   HIGHEST GUST DIRECTION     W (280)
  AVERAGE WIND SPEED     6.8


SKY COVER
  POSSIBLE SUNSHINE  MM
  AVERAGE SKY COVER 0.9


WEATHER CONDITIONS
 THE FOLLOWING WEATHER WAS RECORDED YESTERDAY.
  THUNDERSTORM
  HEAVY RAIN
  RAIN
  LIGHT RAIN
  FOG


RELATIVE HUMIDITY (PERCENT)
 HIGHEST    97           900 AM
 LOWEST     64           400 PM
 AVERAGE    81

..........................................................


THE PEORIA IL CLIMATE NORMALS FOR TODAY
                         NORMAL    RECORD    YEAR
 MAXIMUM TEMPERATURE (F)   75        93      1925
 MINIMUM TEMPERATURE (F)   53        35      1963


SUNRISE AND SUNSET
MAY 22 2018...........SUNRISE   536 AM CDT   SUNSET   815 PM CDT
MAY 23 2018...........SUNRISE   535 AM CDT   SUNSET   816 PM CDT


-  INDICATES NEGATIVE NUMBERS.
R  INDICATES RECORD WAS SET OR TIED.
MM INDICATES DATA IS MISSING.
T  INDICATES TRACE AMOUNT.




$$
