125
CDUS41 KRLX 220716
CLIPKB


CLIMATE REPORT
NATIONAL WEATHER SERVICE CHARLESTON WV
315 AM EDT SUN APR 22 2018


...................................

...THE PARKERSBURG WV CLIMATE SUMMARY FOR APRIL 21 2018...

CLIMATE NORMAL PERIOD 1981 TO 2010
CLIMATE RECORD PERIOD 1889 TO 2018


WEATHER ITEM   OBSERVED TIME   RECORD YEAR NORMAL DEPARTURE LAST
                VALUE   (LST)  VALUE       VALUE  FROM      YEAR
                                                  NORMAL
..................................................................
TEMPERATURE (F)
 YESTERDAY
  MAXIMUM         65    344 PM  88    1985  68     -3       74
                                      1954
  MINIMUM         29    542 AM  28    2013  44    -15       57
  AVERAGE         47                        56     -9       66

PRECIPITATION (IN)
  YESTERDAY        0.00          1.19 1972   0.12  -0.12     0.68
  MONTH TO DATE    3.94                      2.27   1.67     3.43
  SINCE JAN 1     17.73                     11.65   6.08    16.53

SNOWFALL (IN)
  YESTERDAY       MM
  MONTH TO DATE   MM
  SINCE SEP 1     MM
  SNOW DEPTH      MM

DEGREE DAYS
 HEATING
  YESTERDAY       18                        10      8        0
  MONTH TO DATE  390                       268    122      149
  SINCE MAR 1   1168                       939    229      785
  SINCE JUL 1   4823                      4729     94     3816

 COOLING
  YESTERDAY        0                         1     -1        1
  MONTH TO DATE   20                        11      9       18
  SINCE MAR 1     20                        14      6       20
  SINCE JAN 1     26                        14     12       24
..................................................................


WIND (MPH)
  HIGHEST WIND SPEED    10   HIGHEST WIND DIRECTION    NW (330)
  HIGHEST GUST SPEED    15   HIGHEST GUST DIRECTION     N (340)
  AVERAGE WIND SPEED     3.8


SKY COVER
  POSSIBLE SUNSHINE  MM
  AVERAGE SKY COVER 0.0


WEATHER CONDITIONS
 THE FOLLOWING WEATHER WAS RECORDED YESTERDAY.
  NO SIGNIFICANT WEATHER WAS OBSERVED.


RELATIVE HUMIDITY (PERCENT)
 HIGHEST    85           300 AM
 LOWEST     14           200 PM
 AVERAGE    50

..........................................................


THE PARKERSBURG WV CLIMATE NORMALS FOR TODAY
                         NORMAL    RECORD    YEAR
 MAXIMUM TEMPERATURE (F)   68        90      1985
 MINIMUM TEMPERATURE (F)   44        28      1936


SUNRISE AND SUNSET
APRIL 22 2018.........SUNRISE   639 AM EDT   SUNSET   810 PM EDT
APRIL 23 2018.........SUNRISE   637 AM EDT   SUNSET   811 PM EDT


-  INDICATES NEGATIVE NUMBERS.
R  INDICATES RECORD WAS SET OR TIED.
MM INDICATES DATA IS MISSING.
T  INDICATES TRACE AMOUNT.




$$
