000
CDUS45 KFGZ 230739
CLIPRC


CLIMATE REPORT
NATIONAL WEATHER SERVICE FLAGSTAFF, AZ
1239 AM MST WED MAY 23 2018


...................................

...THE PRESCOTT AZ AIRPORT CLIMATE SUMMARY FOR MAY 22 2018...

CLIMATE NORMAL PERIOD 1981 TO 2010
CLIMATE RECORD PERIOD 1948 TO 2018


WEATHER ITEM   OBSERVED TIME   RECORD YEAR NORMAL DEPARTURE LAST
                VALUE   (LST)  VALUE       VALUE  FROM      YEAR
                                                  NORMAL
..................................................................
TEMPERATURE (F)
 YESTERDAY
  MAXIMUM         75    335 PM  93    2005  79     -4       85
  MINIMUM         51    431 AM  33    1975  48      3       48
  AVERAGE         63                        63      0

PRECIPITATION (IN)
  YESTERDAY        0.00          0.01 2006   0.02  -0.02     0.00
  MONTH TO DATE    0.37                      0.33   0.04     0.40
  SINCE SEP 1      2.34                      8.72  -6.38    11.40
  SINCE JAN 1      1.81                      4.41  -2.60     4.65

DEGREE DAYS
 HEATING
  YESTERDAY        2                               -1
  MONTH TO DATE   79                              -43
  SINCE JUL 1   3288                             -953

 COOLING
  YESTERDAY        0                               -2
  MONTH TO DATE   30                               11
  SINCE JAN 1     38                               17
..................................................................


WIND (MPH)
  HIGHEST WIND SPEED    24   HIGHEST WIND DIRECTION    SE (140)
  HIGHEST GUST SPEED    29   HIGHEST GUST DIRECTION    SE (150)
  AVERAGE WIND SPEED    10.5


SKY COVER
  AVERAGE SKY COVER 0.1


WEATHER CONDITIONS
 THE FOLLOWING WEATHER WAS RECORDED YESTERDAY.
  NO SIGNIFICANT WEATHER WAS OBSERVED.


RELATIVE HUMIDITY (PERCENT)
 HIGHEST    44
 LOWEST     14

..........................................................


THE PRESCOTT AZ AIRPORT CLIMATE NORMALS FOR TODAY
                         NORMAL    RECORD    YEAR
 MAXIMUM TEMPERATURE (F)   79        93      2000
 MINIMUM TEMPERATURE (F)   48        32      1965


SUNRISE AND SUNSET
MAY 23 2018...........SUNRISE   522 AM MST   SUNSET   732 PM MST
MAY 24 2018...........SUNRISE   521 AM MST   SUNSET   732 PM MST


-  INDICATES NEGATIVE NUMBERS.
R  INDICATES RECORD WAS SET OR TIED.
MM INDICATES DATA IS MISSING.
T  INDICATES TRACE AMOUNT.




$$
