948
CDUS46 KPDT 200838
CLIPSC

CLIMATE REPORT
NATIONAL WEATHER SERVICE PENDLETON OR
126 AM PDT FRI APR 20 2018


...................................

...THE PASCO WA CLIMATE SUMMARY FOR APRIL 19 2018...

CLIMATE NORMAL PERIOD 1981 TO 2010
CLIMATE RECORD PERIOD 1948 TO 2018


WEATHER ITEM   OBSERVED TIME   RECORD YEAR NORMAL DEPARTURE LAST
                VALUE   (LST)  VALUE       VALUE  FROM      YEAR
                                                  NORMAL
..................................................................
TEMPERATURE (F)
 YESTERDAY
  MAXIMUM         69    520 PM  90    1910  68      1       70
  MINIMUM         34    535 AM  25    1982  39     -5       33
  AVERAGE         52                        53     -1       52

PRECIPITATION (IN)
  YESTERDAY        0.00          0.91 1970   0.02  -0.02      T
  MONTH TO DATE    1.05                      0.44   0.61     0.85
  SINCE OCT 1      5.63                      6.26  -0.63     8.62
  SINCE JAN 1      2.91                      3.31  -0.40     4.85

SNOWFALL (IN)
  YESTERDAY        0.0
  SNOW DEPTH       0

DEGREE DAYS
 HEATING
  YESTERDAY       13                        12      1       13
  MONTH TO DATE  245                       249     -4      256
  SINCE MAR 1    879                       827     52      789
  SINCE JUL 1   4582                      4710   -128     5111

 COOLING
  YESTERDAY        0                         0      0        0
  MONTH TO DATE    0                         0      0        0
  SINCE MAR 1      0                         0      0        0
  SINCE JAN 1      0                         0      0        0
..................................................................


WIND (MPH)
  RESULTANT WIND SPEED   6   RESULTANT WIND DIRECTION   N (340)
  HIGHEST WIND SPEED    15   HIGHEST WIND DIRECTION     N (360)
  HIGHEST GUST SPEED    19   HIGHEST GUST DIRECTION     N (360)


SKY COVER
  POSSIBLE SUNSHINE  MM
  AVERAGE SKY COVER 0.0


WEATHER CONDITIONS
 THE FOLLOWING WEATHER WAS RECORDED YESTERDAY.
  NO SIGNIFICANT WEATHER WAS OBSERVED.


RELATIVE HUMIDITY (PERCENT)
 HIGHEST    85
 LOWEST     24
 AVERAGE    55

..........................................................


THE PASCO WA CLIMATE NORMALS FOR TODAY
                         NORMAL    RECORD    YEAR
 MAXIMUM TEMPERATURE (F)   69        91      1934
                                             1906
 MINIMUM TEMPERATURE (F)   39        19      1927


SUNRISE AND SUNSET
APRIL 20 2018.........SUNRISE   601 AM PDT   SUNSET   751 PM PDT
APRIL 21 2018.........SUNRISE   559 AM PDT   SUNSET   752 PM PDT


-  INDICATES NEGATIVE NUMBERS.
R  INDICATES RECORD WAS SET OR TIED.
MM INDICATES DATA IS MISSING.
T  INDICATES TRACE AMOUNT.




$$
