000
CDUS43 KUNR 220038
CLIRAP


CLIMATE REPORT
NATIONAL WEATHER SERVICE RAPID CITY SD
637 PM MDT SAT APR 21 2018


...................................

...THE RAPID CITY AIRPORT SD CLIMATE SUMMARY FOR APRIL 21 2018...
VALID TODAY AS OF 0600 PM LOCAL TIME.

CLIMATE NORMAL PERIOD 1981 TO 2010
CLIMATE RECORD PERIOD 1942 TO 2018


WEATHER ITEM   OBSERVED TIME   RECORD YEAR NORMAL DEPARTURE LAST
                VALUE   (LST)  VALUE       VALUE  FROM      YEAR
                                                  NORMAL
..................................................................
TEMPERATURE (F)
 TODAY
  MAXIMUM         55    140 PM  92    1980  60     -5       60
  MINIMUM         36    423 AM  14    1959  33      3       34
  AVERAGE         46                        47     -1       47

PRECIPITATION (IN)
  TODAY            0.00          0.88 2005   0.07  -0.07     0.00
  MONTH TO DATE    1.36                      1.08   0.28     1.44
  SINCE MAR 1      2.71                      2.01   0.70     1.97
  SINCE JAN 1      3.67                      2.75   0.92     2.78

SNOWFALL (IN)
  TODAY            0.0           2.1  1968   0.2   -0.2      0.0
  MONTH TO DATE   17.1                       6.1   11.0      2.5
  SINCE MAR 1     30.3                      14.8   15.5      3.0
  SINCE JUL 1     60.1                      38.2   21.9     33.5
  SNOW DEPTH       0

DEGREE DAYS
 HEATING
  TODAY           19                        18      1       18
  MONTH TO DATE  654                       452    202      373
  SINCE MAR 1   1657                      1370    287     1162
  SINCE JUL 1   7177                      6580    597     6218

 COOLING
  TODAY            0                         0      0        0
  MONTH TO DATE    0                         0      0        0
  SINCE MAR 1      0                         0      0        0
  SINCE JAN 1      0                         0      0        0
..................................................................


WIND (MPH)
  HIGHEST WIND SPEED    25   HIGHEST WIND DIRECTION     S (160)
  HIGHEST GUST SPEED    31   HIGHEST GUST DIRECTION    SE (140)
  AVERAGE WIND SPEED    14.7


SKY COVER
  AVERAGE SKY COVER 0.7


WEATHER CONDITIONS
 THE FOLLOWING WEATHER WAS RECORDED TODAY.
  FOG


RELATIVE HUMIDITY (PERCENT)
 HIGHEST   100          1200 AM
 LOWEST     54          1200 PM
 AVERAGE    77

..........................................................


THE RAPID CITY AIRPORT SD CLIMATE NORMALS FOR TOMORROW
                         NORMAL    RECORD    YEAR
 MAXIMUM TEMPERATURE (F)   61        93      1989
 MINIMUM TEMPERATURE (F)   34        13      1951


SUNRISE AND SUNSET
APRIL 21 2018.........SUNRISE   559 AM MDT   SUNSET   744 PM MDT
APRIL 22 2018.........SUNRISE   557 AM MDT   SUNSET   745 PM MDT


-  INDICATES NEGATIVE NUMBERS.
R  INDICATES RECORD WAS SET OR TIED.
MM INDICATES DATA IS MISSING.
T  INDICATES TRACE AMOUNT.




$$
