000
CDUS46 KSTO 200843
CLIRDD

CLIMATE REPORT
NATIONAL WEATHER SERVICE SACRAMENTO, CA
142 AM PDT SUN MAY 20 2018


...................................

...THE REDDING AIRPORT CA CLIMATE SUMMARY FOR MAY 19 2018...

CLIMATE NORMAL PERIOD 1981 TO 2010
CLIMATE RECORD PERIOD 1986 TO 2018


WEATHER ITEM   OBSERVED RECORD YEAR NORMAL DEPARTURE LAST
                VALUE   VALUE       VALUE  FROM      YEAR
                                           NORMAL
...........................................................
TEMPERATURE (F)
 YESTERDAY
  MAXIMUM         87     99    2008  82      5       92
  MINIMUM         56     43    1996  55      1       49
  AVERAGE         72

PRECIPITATION (IN)
  YESTERDAY        T      0.38 2006   0.06  -0.06     0.00
  MONTH TO DATE    T                  1.14  -1.14     0.02
  SINCE OCT 1     19.00              32.31 -13.31    46.21
  SINCE JAN 1     13.33              19.46  -6.13    27.48

SNOWFALL (IN)
  YESTERDAY        0.0   MM      MM  MM               0.0
  MONTH TO DATE    0.0               MM               0.0
  SINCE MAR 1      0.0               MM               0.0
  SINCE JUL 1      0.0               MM               3.0

DEGREE DAYS
 HEATING
  YESTERDAY        0

 COOLING
  YESTERDAY        7
...........................................................


WIND (MPH)
  RESULTANT WIND SPEED   3   RESULTANT WIND DIRECTION   S (190)
  HIGHEST WIND SPEED    17   HIGHEST WIND DIRECTION    SE (150)
  HIGHEST GUST SPEED    24   HIGHEST GUST DIRECTION    NW (320)


SKY COVER
  POSSIBLE SUNSHINE  MM
  AVERAGE SKY COVER 0.2


WEATHER CONDITIONS
 THE FOLLOWING WEATHER WAS RECORDED YESTERDAY.
  THUNDERSTORM
  LIGHT RAIN


RELATIVE HUMIDITY (PERCENT)
 HIGHEST    75
 LOWEST     29
 AVERAGE    52

..........................................................


THE REDDING AIRPORT CA CLIMATE NORMALS FOR TODAY
                         NORMAL    RECORD    YEAR
 MAXIMUM TEMPERATURE (F)   82        98      2017
                                             2001
 MINIMUM TEMPERATURE (F)   55        39      2010


SUNRISE AND SUNSET
MAY 20 2018...........SUNRISE   548 AM PDT   SUNSET   824 PM PDT
MAY 21 2018...........SUNRISE   547 AM PDT   SUNSET   825 PM PDT


-  INDICATES NEGATIVE NUMBERS.
R  INDICATES RECORD WAS SET OR TIED.
MM INDICATES DATA IS MISSING.
T  INDICATES TRACE AMOUNT.

&&
....................................................................

REDDING CITY CLIMATE DATA FOR MAY 19

CLIMATE RECORD PERIOD 1897-1986

RECORD HIGH..............    102 IN 1963
RECORD LOW...............     39 IN 1902
RECORD RAINFALL..........   1.90 IN 1922

$$
