000
CDUS41 KPHI 200555
CLIRDG


CLIMATE REPORT
NATIONAL WEATHER SERVICE MOUNT HOLLY NJ
155 AM EDT SUN MAY 20 2018


...................................

...THE READING PA CLIMATE SUMMARY FOR MAY 19 2018...

CLIMATE NORMAL PERIOD 1981 TO 2010
CLIMATE RECORD PERIOD 1869 TO 2018


WEATHER ITEM   OBSERVED TIME   RECORD YEAR NORMAL DEPARTURE LAST
                VALUE   (LST)  VALUE       VALUE  FROM      YEAR
                                                  NORMAL
..................................................................
TEMPERATURE (F)
 YESTERDAY
  MAXIMUM         59   1159 PM  96    1962  73    -14       90
  MINIMUM         49    649 AM  32    1973  51     -2       67
  AVERAGE         54                        62     -8       79

PRECIPITATION (IN)
  YESTERDAY        1.35          2.96 1900   0.12   1.23     0.00
  MONTH TO DATE    4.12                      2.32   1.80     2.49
  SINCE MAR 1     10.50                      9.57   0.93     8.80
  SINCE JAN 1     19.28                     15.10   4.18    12.19

DEGREE DAYS
 HEATING
  YESTERDAY       11                         5      6        0
  MONTH TO DATE   50                       128    -78      141
  SINCE MAR 1   1388                      1284    104     1169
  SINCE JUL 1   5177                      5326   -149     4531

 COOLING
  YESTERDAY        0                         2     -2       14
  MONTH TO DATE   40                        23     17       39
  SINCE MAR 1     50                        32     18       66
  SINCE JAN 1     51                        32     19       66
..................................................................


WIND (MPH)
  HIGHEST WIND SPEED    13   HIGHEST WIND DIRECTION    NE (60)
  HIGHEST GUST SPEED    18   HIGHEST GUST DIRECTION     E (70)
  AVERAGE WIND SPEED     3.7


SKY COVER
  POSSIBLE SUNSHINE  MM
  AVERAGE SKY COVER 1.0


WEATHER CONDITIONS
 THE FOLLOWING WEATHER WAS RECORDED YESTERDAY.
  HEAVY RAIN
  RAIN
  LIGHT RAIN
  FOG


RELATIVE HUMIDITY (PERCENT)
 HIGHEST   100           400 AM
 LOWEST     83           100 AM
 AVERAGE    92

..........................................................


THE READING PA CLIMATE NORMALS FOR TODAY
                         NORMAL    RECORD    YEAR
 MAXIMUM TEMPERATURE (F)   74        96      1996
 MINIMUM TEMPERATURE (F)   51        36      2002


SUNRISE AND SUNSET
MAY 20 2018...........SUNRISE   543 AM EDT   SUNSET   818 PM EDT
MAY 21 2018...........SUNRISE   543 AM EDT   SUNSET   819 PM EDT


-  INDICATES NEGATIVE NUMBERS.
R  INDICATES RECORD WAS SET OR TIED.
MM INDICATES DATA IS MISSING.
T  INDICATES TRACE AMOUNT.




$$
