000
CDUS46 KPDT 230837
CLIRDM

CLIMATE REPORT
NATIONAL WEATHER SERVICE PENDLETON OR
125 AM PDT MON APR 23 2018


...................................

...THE REDMOND OR CLIMATE SUMMARY FOR APRIL 22 2018...

CLIMATE NORMAL PERIOD 1981 TO 2010
CLIMATE RECORD PERIOD 1949 TO 2018


WEATHER ITEM   OBSERVED TIME   RECORD YEAR NORMAL DEPARTURE LAST
                VALUE   (LST)  VALUE       VALUE  FROM      YEAR
                                                  NORMAL
..................................................................
TEMPERATURE (F)
 YESTERDAY
  MAXIMUM         60    342 PM  86    2012  61     -1       66
  MINIMUM         26    540 AM  15    2011  30     -4       32
                                      1972
  AVERAGE         43                        45     -2       49

PRECIPITATION (IN)
  YESTERDAY        0.00          0.26 2005   0.03  -0.03     0.00
  MONTH TO DATE    0.52                      0.52   0.00     0.80
  SINCE OCT 1      2.84                      5.56  -2.72     7.88
  SINCE JAN 1      1.73                      2.80  -1.07     4.13

DEGREE DAYS
 HEATING
  YESTERDAY       22                        20      2       16
  MONTH TO DATE  445                       471    -26      475
  SINCE MAR 1   1216                      1249    -33     1152
  SINCE JUL 1   5646                      5922   -276     6029

 COOLING
  YESTERDAY        0                         0      0        0
  MONTH TO DATE    0                         0      0        0
  SINCE MAR 1      0                         0      0        0
  SINCE JAN 1      0                         0      0        0
..................................................................


WIND (MPH)
  RESULTANT WIND SPEED   4   RESULTANT WIND DIRECTION   N (340)
  HIGHEST WIND SPEED    18   HIGHEST WIND DIRECTION     N (350)
  HIGHEST GUST SPEED    26   HIGHEST GUST DIRECTION     N (350)
  AVERAGE WIND SPEED     6.9


SKY COVER
  POSSIBLE SUNSHINE  MM
  AVERAGE SKY COVER 0.0


WEATHER CONDITIONS
 THE FOLLOWING WEATHER WAS RECORDED YESTERDAY.
  NO SIGNIFICANT WEATHER WAS OBSERVED.


RELATIVE HUMIDITY (PERCENT)
 HIGHEST    81           500 AM
 LOWEST     21           400 PM
 AVERAGE    51

..........................................................


THE REDMOND OR CLIMATE NORMALS FOR TODAY
                         NORMAL    RECORD    YEAR
 MAXIMUM TEMPERATURE (F)   61        86      2012
 MINIMUM TEMPERATURE (F)   30        18      2013


SUNRISE AND SUNSET
APRIL 23 2018.........SUNRISE   608 AM PDT   SUNSET   759 PM PDT
APRIL 24 2018.........SUNRISE   606 AM PDT   SUNSET   800 PM PDT


-  INDICATES NEGATIVE NUMBERS.
R  INDICATES RECORD WAS SET OR TIED.
MM INDICATES DATA IS MISSING.
T  INDICATES TRACE AMOUNT.




$$
