000
CDUS43 KLOT 260633
CLIRFD


CLIMATE REPORT
NATIONAL WEATHER SERVICE CHICAGO IL
132 AM CDT THU APR 26 2018


...................................

...THE ROCKFORD IL CLIMATE SUMMARY FOR APRIL 25 2018...

CLIMATE NORMAL PERIOD 1981 TO 2010
CLIMATE RECORD PERIOD 1905 TO 2018


WEATHER ITEM   OBSERVED TIME   RECORD YEAR NORMAL DEPARTURE LAST
                VALUE   (LST)  VALUE       VALUE  FROM      YEAR
                                                  NORMAL
..................................................................
TEMPERATURE (F)
 YESTERDAY
  MAXIMUM         62    407 PM  90    1986  65     -3       79
  MINIMUM         37   1159 PM  25    1934  42     -5       52
  AVERAGE         50                        53     -3       66

PRECIPITATION (IN)
  YESTERDAY        0.00          2.17 1979   0.11  -0.11     0.00
  MONTH TO DATE    1.15                      2.77  -1.62     4.11
  SINCE MAR 1      2.37                      5.09  -2.72     6.90
  SINCE JAN 1      7.32                      7.87  -0.55    10.93

SNOWFALL (IN)
  YESTERDAY        0.0           T    2008   0.0    0.0      0.0
                                      2006
                                      1994
  MONTH TO DATE    4.1                       0.9    3.2       T
  SINCE MAR 1      6.5                       5.7    0.8      5.1
  SINCE JUL 1     34.8                      36.7   -1.9     22.1
  SNOW DEPTH       0

DEGREE DAYS
 HEATING
  YESTERDAY       15                        12      3        0
  MONTH TO DATE  656                       419    237      270
  SINCE MAR 1   1547                      1281    266     1072
  SINCE JUL 1   6488                      6283    205     5146

 COOLING
  YESTERDAY        0                         0      0        1
  MONTH TO DATE    0                         0      0        8
  SINCE MAR 1      0                         0      0        8
  SINCE JAN 1      0                         0      0        8
..................................................................


WIND (MPH)
  HIGHEST WIND SPEED    23   HIGHEST WIND DIRECTION    NE (30)
  HIGHEST GUST SPEED    29   HIGHEST GUST DIRECTION    NE (40)
  AVERAGE WIND SPEED    10.5


SKY COVER
  POSSIBLE SUNSHINE  MM
  AVERAGE SKY COVER 0.3


WEATHER CONDITIONS
 THE FOLLOWING WEATHER WAS RECORDED YESTERDAY.
  NO SIGNIFICANT WEATHER WAS OBSERVED.


RELATIVE HUMIDITY (PERCENT)
 HIGHEST    77          1200 AM
 LOWEST     27           500 PM
 AVERAGE    52

..........................................................


THE ROCKFORD IL CLIMATE NORMALS FOR TODAY
                         NORMAL    RECORD    YEAR
 MAXIMUM TEMPERATURE (F)   65        90      1986
 MINIMUM TEMPERATURE (F)   42        25      1926


SUNRISE AND SUNSET
APRIL 26 2018.........SUNRISE   559 AM CDT   SUNSET   750 PM CDT
APRIL 27 2018.........SUNRISE   557 AM CDT   SUNSET   751 PM CDT


-  INDICATES NEGATIVE NUMBERS.
R  INDICATES RECORD WAS SET OR TIED.
MM INDICATES DATA IS MISSING.
T  INDICATES TRACE AMOUNT.




$$
