000
CDUS41 KAKQ 230606
CLIRIC


CLIMATE REPORT
NATIONAL WEATHER SERVICE WAKEFIELD, VA
206 AM EDT MON APR 23 2018


...................................

...THE RICHMOND VA CLIMATE SUMMARY FOR APRIL 22 2018...

CLIMATE NORMAL PERIOD 1981 TO 2010
CLIMATE RECORD PERIOD 1871 TO 2018


WEATHER ITEM   OBSERVED TIME   RECORD YEAR NORMAL DEPARTURE LAST
                VALUE   (LST)  VALUE       VALUE  FROM      YEAR
                                                  NORMAL
..................................................................
TEMPERATURE (F)
 YESTERDAY
  MAXIMUM         69    210 PM  96    1985  72     -3       68
  MINIMUM         42    532 AM  34    1953  48     -6       52
                                      1950
                                      1934
  AVERAGE         56                        60     -4       60

PRECIPITATION (IN)
  YESTERDAY        0.00          1.60 1984   0.10  -0.10     0.39
  MONTH TO DATE    1.98                      2.41  -0.43     1.31
  SINCE MAR 1      4.31                      6.45  -2.14     4.99
  SINCE JAN 1      9.76                     12.25  -2.49     9.99

SNOWFALL (IN)
  YESTERDAY        0.0           0.0  2002   0.0    0.0
  MONTH TO DATE    T                         0.1   -0.1
  SINCE NOV 1     12.4                      10.3    2.1
  SINCE JUL 1     12.4                      10.3    2.1
  SNOW DEPTH       0

DEGREE DAYS
 HEATING
  YESTERDAY        9                         6      3        5
  MONTH TO DATE  245                       197     48       88
  SINCE MAR 1    898                       713    185      581
  SINCE JUL 1   3662                      3649     13     3063

 COOLING
  YESTERDAY        0                         2     -2        0
  MONTH TO DATE   19                        22     -3       48
  SINCE MAR 1     22                        28     -6       56
  SINCE JAN 1     28                        28      0       56
..................................................................


WIND (MPH)
  HIGHEST WIND SPEED    16   HIGHEST WIND DIRECTION    SE (130)
  HIGHEST GUST SPEED    20   HIGHEST GUST DIRECTION    SE (130)
  AVERAGE WIND SPEED     7.5


SKY COVER
  POSSIBLE SUNSHINE  MM
  AVERAGE SKY COVER 0.8


WEATHER CONDITIONS
 THE FOLLOWING WEATHER WAS RECORDED YESTERDAY.
  NO SIGNIFICANT WEATHER WAS OBSERVED.


RELATIVE HUMIDITY (PERCENT)
 HIGHEST   100           600 AM
 LOWEST     37           700 PM
 AVERAGE    69

..........................................................


THE RICHMOND VA CLIMATE NORMALS FOR TODAY
                         NORMAL    RECORD    YEAR
 MAXIMUM TEMPERATURE (F)   73        95      1985
 MINIMUM TEMPERATURE (F)   48        31      1940


SUNRISE AND SUNSET
APRIL 23 2018.........SUNRISE   624 AM EDT   SUNSET   752 PM EDT
APRIL 24 2018.........SUNRISE   623 AM EDT   SUNSET   753 PM EDT


-  INDICATES NEGATIVE NUMBERS.
R  INDICATES RECORD WAS SET OR TIED.
MM INDICATES DATA IS MISSING.
T  INDICATES TRACE AMOUNT.




$$
