000
CDUS45 KRIW 220733
CLIRIW


CLIMATE REPORT
NATIONAL WEATHER SERVICE RIVERTON WY
132 AM MDT SUN APR 22 2018


...................................

...THE RIVERTON WY CLIMATE SUMMARY FOR APRIL 21 2018...

CLIMATE NORMAL PERIOD 1981 TO 2010
CLIMATE RECORD PERIOD 1995 TO 2018


WEATHER ITEM   OBSERVED TIME   RECORD YEAR NORMAL DEPARTURE LAST
                VALUE   (LST)  VALUE       VALUE  FROM      YEAR
                                                  NORMAL
..................................................................
TEMPERATURE (F)
 YESTERDAY
  MAXIMUM         66    414 PM  74    2009  59      7       42
  MINIMUM         28    525 AM  17    2008  33     -5       35
  AVERAGE         47                        46      1       39

PRECIPITATION (IN)
  YESTERDAY        0.00          0.33 1999   0.05  -0.05     0.28
  MONTH TO DATE    0.21                      0.82  -0.61     1.74
  SINCE MAR 1      0.94                      1.37  -0.43     5.45
  SINCE JAN 1      2.10                      1.88   0.22     7.31

SNOWFALL (IN)
  YESTERDAY        0.0                                       0.0
  MONTH TO DATE    4.2                                       4.6
  SINCE MAR 1     11.7                                       4.6
  SINCE JUL 1     48.3                                      52.3
  SNOW DEPTH       0

DEGREE DAYS
 HEATING
  YESTERDAY       18                        19     -1       26
  MONTH TO DATE  494                       464     30      418
  SINCE MAR 1   1391                      1382      9     1122
  SINCE JUL 1   7187                      7236    -49     6996

 COOLING
  YESTERDAY        0                         0      0        0
  MONTH TO DATE    0                         0      0        0
  SINCE MAR 1      0                         0      0        0
  SINCE JAN 1      0                         0      0        0
..................................................................


WIND (MPH)
  HIGHEST WIND SPEED    21   HIGHEST WIND DIRECTION     W (290)
  HIGHEST GUST SPEED    25   HIGHEST GUST DIRECTION     W (280)
  AVERAGE WIND SPEED     5.2


SKY COVER
  POSSIBLE SUNSHINE  MM
  AVERAGE SKY COVER 0.0


WEATHER CONDITIONS
 THE FOLLOWING WEATHER WAS RECORDED YESTERDAY.
  NO SIGNIFICANT WEATHER WAS OBSERVED.


RELATIVE HUMIDITY (PERCENT)
 HIGHEST   100           500 AM
 LOWEST     22           500 PM
 AVERAGE    61

..........................................................


THE RIVERTON WY CLIMATE NORMALS FOR TODAY
                         NORMAL    RECORD    YEAR
 MAXIMUM TEMPERATURE (F)   59        79      2006
 MINIMUM TEMPERATURE (F)   33        19      2013


SUNRISE AND SUNSET
APRIL 22 2018.........SUNRISE   621 AM MDT   SUNSET   805 PM MDT
APRIL 23 2018.........SUNRISE   619 AM MDT   SUNSET   806 PM MDT


-  INDICATES NEGATIVE NUMBERS.
R  INDICATES RECORD WAS SET OR TIED.
MM INDICATES DATA IS MISSING.
T  INDICATES TRACE AMOUNT.




$$
