078
CDUS45 KREV 270839
CLIRNO


CLIMATE REPORT
NATIONAL WEATHER SERVICE RENO NV
139 AM PDT SUN MAY 27 2018


...................................

...THE RENO-TAHOE INTL AIRPORT NV CLIMATE SUMMARY FOR MAY 26 2018...

CLIMATE NORMAL PERIOD 1981 TO 2010
CLIMATE RECORD PERIOD 1888 TO 2018


WEATHER ITEM   OBSERVED TIME   RECORD YEAR NORMAL DEPARTURE LAST
                VALUE   (LST)  VALUE       VALUE  FROM      YEAR
                                                  NORMAL
..................................................................
TEMPERATURE (F)
 YESTERDAY
  MAXIMUM         60    411 PM  91    1983  77    -17       78
                                      1974
                                      1966
  MINIMUM         47    152 AM  25    1899  48     -1       47
  AVERAGE         54                        62     -8       63

PRECIPITATION (IN)
  YESTERDAY        T             0.62 1964   0.02  -0.02     0.00
  MONTH TO DATE    1.82                      0.41   1.41     0.61
  SINCE OCT 1      7.15                      6.05   1.10    14.94
  SINCE JAN 1      5.58                      3.69   1.89    11.15

SNOWFALL (IN)
  YESTERDAY        0.0           0.0    MM   0.0    0.0      0.0
  MONTH TO DATE    0.0                       0.3   -0.3      0.0
  SINCE MAR 1     20.1                       2.8   17.3      2.9
  SINCE JUL 1     24.9                      21.8    3.1     27.0
  SNOW DEPTH       0

DEGREE DAYS
 HEATING
  YESTERDAY       11                         5      6        2
  MONTH TO DATE  110                       186    -76      134
  SINCE MAR 1   1148                      1210    -62     1028
  SINCE JUL 1   4415                      4848   -433     4401

 COOLING
  YESTERDAY        0                         2     -2        0
  MONTH TO DATE   14                        24    -10       35
  SINCE MAR 1     17                        25     -8       35
  SINCE JAN 1     17                        25     -8       35
..................................................................


WIND (MPH)
  RESULTANT WIND SPEED   7   RESULTANT WIND DIRECTION   N (350)
  HIGHEST WIND SPEED    20   HIGHEST WIND DIRECTION     N (360)
  HIGHEST GUST SPEED    25   HIGHEST GUST DIRECTION    NW (310)
  AVERAGE WIND SPEED     7.7



WEATHER CONDITIONS
 THE FOLLOWING WEATHER WAS RECORDED YESTERDAY.
  LIGHT RAIN


RELATIVE HUMIDITY (PERCENT)
 HIGHEST    80          1100 PM
 LOWEST     47           200 PM
 AVERAGE    64

..........................................................


THE RENO-TAHOE INTL AIRPORT NV CLIMATE NORMALS FOR TODAY
                         NORMAL    RECORD    YEAR
 MAXIMUM TEMPERATURE (F)   77        95      2003
 MINIMUM TEMPERATURE (F)   48        30      1893


SUNRISE AND SUNSET
MAY 27 2018...........SUNRISE   536 AM PDT   SUNSET   817 PM PDT
MAY 28 2018...........SUNRISE   536 AM PDT   SUNSET   818 PM PDT


-  INDICATES NEGATIVE NUMBERS.
R  INDICATES RECORD WAS SET OR TIED.
MM INDICATES DATA IS MISSING.
T  INDICATES TRACE AMOUNT.




$$
