000
CDUS45 KABQ 260828
CLIROW


CLIMATE REPORT
NATIONAL WEATHER SERVICE ALBUQUERQUE NM
228 AM MDT THU APR 26 2018


...................................

...THE ROSWELL NM CLIMATE SUMMARY FOR APRIL 25 2018...

CLIMATE NORMAL PERIOD 1981 TO 2010
CLIMATE RECORD PERIOD 1893 TO 2018


WEATHER ITEM   OBSERVED TIME   RECORD YEAR NORMAL DEPARTURE
                VALUE   (LST)  VALUE       VALUE  FROM
                                                  NORMAL
...............................................................
TEMPERATURE (F)
 YESTERDAY
  MAXIMUM         67    524 PM 102    2012  79    -12
  MINIMUM         43    724 AM  30    1968  48     -5
  AVERAGE         55                        64     -9

PRECIPITATION (IN)
  YESTERDAY        0.01          1.60 1919   0.02  -0.01
  MONTH TO DATE    0.01                      0.47  -0.46
  SINCE MAR 1      0.02                      0.98  -0.96
  SINCE JAN 1      0.63                      1.78  -1.15

SNOWFALL (IN)
  YESTERDAY       MM
  MONTH TO DATE    0.0
  SINCE MAR 1      0.0
  SINCE JUL 1      0.0

DEGREE DAYS
 HEATING
  YESTERDAY       10                         3      7
  MONTH TO DATE  105                       149    -44
  SINCE MAR 1    368                       536   -168
  SINCE JUL 1   2735                      3243   -508

 COOLING
  YESTERDAY        0                         2     -2
  MONTH TO DATE   40                        25     15
  SINCE MAR 1     57                        28     29
  SINCE JAN 1     57                        28     29
...............................................................


WIND (MPH)
  HIGHEST WIND SPEED    23   HIGHEST WIND DIRECTION     N (20)
  HIGHEST GUST SPEED    28   HIGHEST GUST DIRECTION     N (20)
  AVERAGE WIND SPEED     9.9


SKY COVER
  AVERAGE SKY COVER 0.5


WEATHER CONDITIONS
 THE FOLLOWING WEATHER WAS RECORDED YESTERDAY.
  LIGHT RAIN
  FOG


RELATIVE HUMIDITY (PERCENT)
 HIGHEST   100           500 AM
 LOWEST     34           400 PM
 AVERAGE    67

..........................................................


THE ROSWELL NM CLIMATE NORMALS FOR TODAY
                         NORMAL    RECORD    YEAR
 MAXIMUM TEMPERATURE (F)   80        98      2012
 MINIMUM TEMPERATURE (F)   48        33      1961
                                             1960
                                             1921


SUNRISE AND SUNSET
APRIL 26 2018.........SUNRISE   615 AM MDT   SUNSET   737 PM MDT
APRIL 27 2018.........SUNRISE   614 AM MDT   SUNSET   738 PM MDT


-  INDICATES NEGATIVE NUMBERS.
R  INDICATES RECORD WAS SET OR TIED.
MM INDICATES DATA IS MISSING.
T  INDICATES TRACE AMOUNT.




$$
