000
CDUS43 KARX 220630
CLIRST


CLIMATE REPORT
NATIONAL WEATHER SERVICE LA CROSSE WI
129 AM CDT SUN APR 22 2018


...................................

...THE ROCHESTER MN CLIMATE SUMMARY FOR APRIL 21 2018...

CLIMATE NORMAL PERIOD 1981 TO 2010
CLIMATE RECORD PERIOD 1886 TO 2018


WEATHER ITEM   OBSERVED TIME   RECORD YEAR NORMAL DEPARTURE LAST
                VALUE   (LST)  VALUE       VALUE  FROM      YEAR
                                                  NORMAL
..................................................................
TEMPERATURE (F)
 YESTERDAY
  MAXIMUM         52    343 PM  91    1980  60     -8       59
  MINIMUM         35    441 AM  18    1934  39     -4       34
  AVERAGE         44                        49     -5       47

PRECIPITATION (IN)
  YESTERDAY        T             0.80 1972   0.11  -0.11     0.00
  MONTH TO DATE    3.18                      2.14   1.04     3.49
  SINCE MAR 1      4.09                      4.02   0.07     6.36
  SINCE JAN 1      6.59                      5.71   0.88    10.14

SNOWFALL (IN)
  YESTERDAY        0.0           4.0  2002   0.1   -0.1      0.0
  MONTH TO DATE   17.0                       2.7   14.3       T
  SINCE JUL 1     60.2                      51.3    8.9     52.7
  SNOW DEPTH       0

DEGREE DAYS
 HEATING
  YESTERDAY       21                        16      5       18
  MONTH TO DATE  777                       429    348      342
  SINCE JUL 1   7807                      7301    506     6423

 COOLING
  YESTERDAY        0                         0      0        0
  MONTH TO DATE    0                         0      0        0
  SINCE JAN 1      0                         0      0        0
..................................................................


WIND (MPH)
  HIGHEST WIND SPEED    13   HIGHEST WIND DIRECTION     S (190)
  HIGHEST GUST SPEED    16   HIGHEST GUST DIRECTION     S (170)
  AVERAGE WIND SPEED     3.5


SKY COVER
  POSSIBLE SUNSHINE  MM
  AVERAGE SKY COVER 0.8


WEATHER CONDITIONS
 THE FOLLOWING WEATHER WAS RECORDED YESTERDAY.
  NO SIGNIFICANT WEATHER WAS OBSERVED.


RELATIVE HUMIDITY (PERCENT)
 HIGHEST    76          1000 PM
 LOWEST     50           400 PM
 AVERAGE    63

..........................................................


THE ROCHESTER MN CLIMATE NORMALS FOR TODAY
                         NORMAL    RECORD    YEAR
 MAXIMUM TEMPERATURE (F)   60        91      1980
 MINIMUM TEMPERATURE (F)   39        20      1936


SUNRISE AND SUNSET
APRIL 22 2018.........SUNRISE   615 AM CDT   SUNSET   802 PM CDT
APRIL 23 2018.........SUNRISE   614 AM CDT   SUNSET   804 PM CDT


-  INDICATES NEGATIVE NUMBERS.
R  INDICATES RECORD WAS SET OR TIED.
MM INDICATES DATA IS MISSING.
T  INDICATES TRACE AMOUNT.




$$
