000
CDUS45 KPIH 240730
CLIRXE


CLIMATE REPORT
NATIONAL WEATHER SERVICE POCATELLO ID
130 AM MDT TUE APR 24 2018


...................................

...THE REXBURG ID CLIMATE SUMMARY FOR APRIL 23 2018...

CLIMATE NORMAL PERIOD 1981 TO 2010
CLIMATE RECORD PERIOD 1998 TO 2018


WEATHER ITEM   OBSERVED TIME   RECORD YEAR NORMAL DEPARTURE LAST
                VALUE   (LST)  VALUE       VALUE  FROM      YEAR
                                                  NORMAL
..................................................................
TEMPERATURE (F)
 YESTERDAY
  MAXIMUM         47    346 PM  85    2012  59    -12       59
  MINIMUM         35   1159 PM  18    2013  33      2       38
  AVERAGE         41                        46     -5       49

PRECIPITATION (IN)
  YESTERDAY        0.29         MM      MM   0.05   0.24      T
  MONTH TO DATE    1.91                      1.10   0.81     1.10
  SINCE OCT 1      7.68                      6.94   0.74    10.00
  SINCE JAN 1      5.58                      3.73   1.85     4.24

SNOWFALL (IN)
  YESTERDAY       MM
  MONTH TO DATE   MM
  SINCE MAR 1     MM
  SINCE JUL 1     MM
  SNOW DEPTH      MM

DEGREE DAYS
 HEATING
  YESTERDAY       24                        19      5       16
  MONTH TO DATE  496                       509    -13      498
  SINCE MAR 1   1470                      1465      5     1237
  SINCE JUL 1   6927                      7438   -511     7032

 COOLING
  YESTERDAY        0                         0      0        0
  MONTH TO DATE    0                         0      0        0
  SINCE MAR 1      0                         0      0        0
  SINCE JAN 1      0                         0      0        0
..................................................................


WIND (MPH)
  HIGHEST WIND SPEED    17   HIGHEST WIND DIRECTION    NE (30)
  HIGHEST GUST SPEED    24   HIGHEST GUST DIRECTION    SW (220)
  AVERAGE WIND SPEED     8.0


SKY COVER
  POSSIBLE SUNSHINE  MM
  AVERAGE SKY COVER 0.9


WEATHER CONDITIONS
 THE FOLLOWING WEATHER WAS RECORDED YESTERDAY.
  RAIN
  LIGHT RAIN
  FOG


RELATIVE HUMIDITY (PERCENT)
 HIGHEST   100           200 AM
 LOWEST     65           400 PM
 AVERAGE    83

..........................................................


THE REXBURG ID CLIMATE NORMALS FOR TODAY
                         NORMAL    RECORD    YEAR
 MAXIMUM TEMPERATURE (F)   59        79      2012
 MINIMUM TEMPERATURE (F)   33        20      2002


SUNRISE AND SUNSET
APRIL 24 2018.........SUNRISE   630 AM MDT   SUNSET   822 PM MDT
APRIL 25 2018.........SUNRISE   628 AM MDT   SUNSET   823 PM MDT


-  INDICATES NEGATIVE NUMBERS.
R  INDICATES RECORD WAS SET OR TIED.
MM INDICATES DATA IS MISSING.
T  INDICATES TRACE AMOUNT.




$$
