000
CDUS44 KEWX 210714
CLISAT


CLIMATE REPORT
NATIONAL WEATHER SERVICE AUSTIN/SAN ANTONIO, TX
214 AM CDT MON MAY 21 2018


...................................

...THE SAN ANTONIO CLIMATE SUMMARY FOR MAY 20 2018...

CLIMATE NORMAL PERIOD 1981 TO 2010
CLIMATE RECORD PERIOD 1886 TO 2018


WEATHER ITEM   OBSERVED TIME   RECORD YEAR NORMAL DEPARTURE LAST
                VALUE   (LST)  VALUE       VALUE  FROM      YEAR
                                                  NORMAL
..................................................................
TEMPERATURE (F)
 YESTERDAY
  MAXIMUM         87   1233 PM 100    1996  88     -1       81
  MINIMUM         69   1159 PM  49    2002  68      1       70
  AVERAGE         78                        78      0       76

PRECIPITATION (IN)
  YESTERDAY        0.20          1.17 1917   0.13   0.07     0.10
  MONTH TO DATE    0.97                      2.43  -1.46     0.29
  SINCE MAR 1      5.35                      6.84  -1.49     5.27
  SINCE JAN 1      7.54                     10.39  -2.85    11.60

SNOWFALL (IN)
  YESTERDAY        0.0
  MONTH TO DATE    0.0
  SINCE MAR 1      T
  SINCE JUL 1      1.9
  SNOW DEPTH       0

DEGREE DAYS
 HEATING
  YESTERDAY        0                         0      0        0
  MONTH TO DATE    0                         0      0        0
  SINCE MAR 1     87                       193   -106       60
  SINCE JUL 1   1303                      1494   -191      778

 COOLING
  YESTERDAY       13                        13      0       11
  MONTH TO DATE  280                       214     66      202
  SINCE MAR 1    535                       447     88      535
  SINCE JAN 1    581                       473    108      635
..................................................................


WIND (MPH)
  HIGHEST WIND SPEED    29   HIGHEST WIND DIRECTION     E (70)
  HIGHEST GUST SPEED    35   HIGHEST GUST DIRECTION     E (70)
  AVERAGE WIND SPEED    11.0


SKY COVER
  AVERAGE SKY COVER 0.9


WEATHER CONDITIONS
 THE FOLLOWING WEATHER WAS RECORDED YESTERDAY.
  THUNDERSTORM
  LIGHT RAIN
  FOG


RELATIVE HUMIDITY (PERCENT)
 HIGHEST    90           900 PM
 LOWEST     59           100 PM
 AVERAGE    75

..........................................................


THE SAN ANTONIO CLIMATE NORMALS FOR TODAY
                         NORMAL    RECORD    YEAR
 MAXIMUM TEMPERATURE (F)   88        98      1939
 MINIMUM TEMPERATURE (F)   68        52      1892


SUNRISE AND SUNSET
MAY 21 2018...........SUNRISE   638 AM CDT   SUNSET   823 PM CDT
MAY 22 2018...........SUNRISE   638 AM CDT   SUNSET   824 PM CDT


-  INDICATES NEGATIVE NUMBERS.
R  INDICATES RECORD WAS SET OR TIED.
MM INDICATES DATA IS MISSING.
T  INDICATES TRACE AMOUNT.




$$
