000
CDUS41 KAKQ 220745
CLISBY


CLIMATE REPORT
NATIONAL WEATHER SERVICE WAKEFIELD, VA
345 AM EDT TUE MAY 22 2018


...................................

...THE SALISBURY MD CLIMATE SUMMARY FOR MAY 21 2018...

CLIMATE NORMAL PERIOD 1981 TO 2010
CLIMATE RECORD PERIOD 1900 TO 2018


WEATHER ITEM   OBSERVED TIME   RECORD YEAR NORMAL DEPARTURE LAST
                VALUE   (LST)  VALUE       VALUE  FROM      YEAR
                                                  NORMAL
..................................................................
TEMPERATURE (F)
 YESTERDAY
  MAXIMUM         76    118 PM  95    1911  75      1       69
  MINIMUM         60   1159 PM  31    2002  53      7       48
  AVERAGE         68                        64      4       59

PRECIPITATION (IN)
  YESTERDAY        0.00          1.00 1946   0.13  -0.13     0.00
  MONTH TO DATE    8.52                      2.34   6.18     3.32
  SINCE MAR 1     13.87                     10.31   3.56     9.97
  SINCE JAN 1     20.12                     17.27   2.85    14.77

SNOWFALL (IN)
  YESTERDAY        0.0           0.0  2002   0.0    0.0
                                      2001
  MONTH TO DATE    0.0                       0.0    0.0
  SINCE NOV 1     17.2                       9.3    7.9
  SINCE JUL 1     17.2                       9.3    7.9
  SNOW DEPTH       0

DEGREE DAYS
 HEATING
  YESTERDAY        0                         4     -4        6
  MONTH TO DATE   24                       115    -91      121
  SINCE MAR 1   1145                      1090     55      925
  SINCE JUL 1   4192                      4395   -203     3676

 COOLING
  YESTERDAY        3                         3      0        0
  MONTH TO DATE   85                        32     53       48
  SINCE MAR 1     95                        49     46      118
  SINCE JAN 1     99                        49     50      118
..................................................................


WIND (MPH)
  HIGHEST WIND SPEED    15   HIGHEST WIND DIRECTION     E (100)
  HIGHEST GUST SPEED    19   HIGHEST GUST DIRECTION    NE (40)
  AVERAGE WIND SPEED     6.6


SKY COVER
  POSSIBLE SUNSHINE  MM
  AVERAGE SKY COVER 0.0


WEATHER CONDITIONS
 THE FOLLOWING WEATHER WAS RECORDED YESTERDAY.
  FOG


RELATIVE HUMIDITY (PERCENT)
 HIGHEST   100           200 AM
 LOWEST     49           400 PM
 AVERAGE    75

..........................................................


THE SALISBURY MD CLIMATE NORMALS FOR TODAY
                         NORMAL    RECORD    YEAR
 MAXIMUM TEMPERATURE (F)   75        96      1941
 MINIMUM TEMPERATURE (F)   53        30      2002


SUNRISE AND SUNSET
MAY 22 2018...........SUNRISE   545 AM EDT   SUNSET   812 PM EDT
MAY 23 2018...........SUNRISE   545 AM EDT   SUNSET   813 PM EDT


-  INDICATES NEGATIVE NUMBERS.
R  INDICATES RECORD WAS SET OR TIED.
MM INDICATES DATA IS MISSING.
T  INDICATES TRACE AMOUNT.




$$
