000
CDUS46 KSTO 230841
CLISCK


CLIMATE REPORT
NATIONAL WEATHER SERVICE SACRAMENTO, CA
141 AM PDT MON APR 23 2018


...................................

...THE STOCKTON AIRPORT CA CLIMATE SUMMARY FOR APRIL 22 2018...

CLIMATE NORMAL PERIOD 1981 TO 2010
CLIMATE RECORD PERIOD 1948 TO 2018


WEATHER ITEM   OBSERVED TIME   RECORD YEAR NORMAL DEPARTURE LAST
                VALUE   (LST)  VALUE       VALUE  FROM      YEAR
                                                  NORMAL
..................................................................
TEMPERATURE (F)
 YESTERDAY
  MAXIMUM         88    318 PM  96    2009  74     14       74
  MINIMUM         50    452 AM  38    1963  47      3       47
  AVERAGE         69

PRECIPITATION (IN)
  YESTERDAY        0.00          0.41 2016   0.03  -0.03     0.00
                                      1988
  MONTH TO DATE    1.72                      0.78   0.94     1.86
  SINCE OCT 1      9.09                     12.95  -3.86    21.68
  SINCE JAN 1      8.13                      8.22  -0.09    15.52

SNOWFALL (IN)
  YESTERDAY        0.0          MM      MM
  MONTH TO DATE    0.0
  SINCE MAR 1      0.0
  SINCE JUL 1      0.0
  SNOW DEPTH       0

DEGREE DAYS
 HEATING
  YESTERDAY        0                         5     -5        4
  MONTH TO DATE  107                       154    -47      128
  SINCE MAR 1    407                       478    -71      355
  SINCE JUL 1   1992                      2540   -548     2064

 COOLING
  YESTERDAY        4                         1      3        0
  MONTH TO DATE    4                         5     -1        0
  SINCE MAR 1      6                         5      1        1
  SINCE JAN 1      6                         5      1        1
..................................................................


WIND (MPH)
  RESULTANT WIND SPEED   3   RESULTANT WIND DIRECTION  NW (310)
  HIGHEST WIND SPEED    13   HIGHEST WIND DIRECTION     N (350)
  HIGHEST GUST SPEED    17   HIGHEST GUST DIRECTION    NW (330)


SKY COVER
  POSSIBLE SUNSHINE  MM
  AVERAGE SKY COVER 0.0


WEATHER CONDITIONS
 THE FOLLOWING WEATHER WAS RECORDED YESTERDAY.
  NO SIGNIFICANT WEATHER WAS OBSERVED.


RELATIVE HUMIDITY (PERCENT)
 HIGHEST    89           400 AM
 LOWEST     29           300 PM
 AVERAGE    59

..........................................................


THE STOCKTON AIRPORT CA CLIMATE NORMALS FOR TODAY
                         NORMAL    RECORD    YEAR
 MAXIMUM TEMPERATURE (F)   75        93      1962
 MINIMUM TEMPERATURE (F)   47        39      1976
                                             1963


SUNRISE AND SUNSET
APRIL 23 2018.........SUNRISE   619 AM PDT   SUNSET   748 PM PDT
APRIL 24 2018.........SUNRISE   617 AM PDT   SUNSET   749 PM PDT


-  INDICATES NEGATIVE NUMBERS.
R  INDICATES RECORD WAS SET OR TIED.
MM INDICATES DATA IS MISSING.
T  INDICATES TRACE AMOUNT.




$$
