000
CDUS41 KBTV 200540
CLISLK


CLIMATE REPORT
NATIONAL WEATHER SERVICE BURLINGTON VT
139 AM EDT SUN MAY 20 2018


...................................

...THE SARANAC LAKE NY CLIMATE SUMMARY FOR MAY 19 2018...

CLIMATE NORMAL PERIOD 1981 TO 2010
CLIMATE RECORD PERIOD 9999 TO 9999


WEATHER ITEM   OBSERVED TIME   NORMAL DEPARTURE LAST
                VALUE   (LST)  VALUE  FROM      YEAR
                                      NORMAL
......................................................
TEMPERATURE (F)
 YESTERDAY
  MAXIMUM         63   1049 AM  65     -2       69
  MINIMUM         30    401 AM  38     -8       33
  AVERAGE         47            51     -4       51

PRECIPITATION (IN)
  YESTERDAY        0.15          0.12   0.03      T
  MONTH TO DATE    1.49          1.94  -0.45     4.09
  SINCE MAR 1      6.69          7.11  -0.42     9.22
  SINCE JAN 1     11.89         10.85   1.04    13.76

DEGREE DAYS
 HEATING
  YESTERDAY       18            14      4       14
  MONTH TO DATE  266           323    -57      333
  SINCE MAR 1   2507          2389    118     2366
  SINCE JUL 1   8905          9094   -189     8062

 COOLING
  YESTERDAY        0             0      0        0
  MONTH TO DATE    0             0      0        6
  SINCE MAR 1      0             0      0        6
  SINCE JAN 1      0             0      0        6
......................................................


WIND (MPH)
  HIGHEST WIND SPEED    16   HIGHEST WIND DIRECTION    SW (230)
  HIGHEST GUST SPEED    24   HIGHEST GUST DIRECTION    SE (140)
  AVERAGE WIND SPEED     6.6


SKY COVER
  AVERAGE SKY COVER 0.5


WEATHER CONDITIONS
 THE FOLLOWING WEATHER WAS RECORDED YESTERDAY.
  RAIN
  LIGHT RAIN
  FOG


RELATIVE HUMIDITY (PERCENT)
 HIGHEST   100          1000 PM
 LOWEST     23           900 AM
 AVERAGE    62

..........................................................


THE SARANAC LAKE NY CLIMATE NORMALS FOR TODAY
                         NORMAL    RECORD    YEAR
 MAXIMUM TEMPERATURE (F)   65        87      2012
 MINIMUM TEMPERATURE (F)   38        24      2000


SUNRISE AND SUNSET
MAY 20 2018...........SUNRISE   525 AM EDT   SUNSET   823 PM EDT
MAY 21 2018...........SUNRISE   524 AM EDT   SUNSET   824 PM EDT


-  INDICATES NEGATIVE NUMBERS.
R  INDICATES RECORD WAS SET OR TIED.
MM INDICATES DATA IS MISSING.
T  INDICATES TRACE AMOUNT.




$$
