000
CDUS43 KICT 250756
CLISLN


CLIMATE REPORT
NATIONAL WEATHER SERVICE WICHITA KS
255 AM CDT FRI MAY 25 2018


...................................

...THE SALINA KS CLIMATE SUMMARY FOR MAY 24 2018...

CLIMATE NORMAL PERIOD 1981 TO 2010
CLIMATE RECORD PERIOD 1894 TO 2018


WEATHER ITEM   OBSERVED TIME   RECORD YEAR NORMAL DEPARTURE LAST
                VALUE   (LST)  VALUE       VALUE  FROM      YEAR
                                                  NORMAL
..................................................................
TEMPERATURE (F)
 YESTERDAY
  MAXIMUM         91    113 PM  99    1967  79     12       70
  MINIMUM         64    535 AM  35    1924  57      7       46
  AVERAGE         78                        68     10       58

PRECIPITATION (IN)
  YESTERDAY        T             3.36 2007   0.17  -0.17     0.00
  MONTH TO DATE    1.52                      3.55  -2.03     3.30
  SINCE MAR 1      3.47                      8.99  -5.52    10.57
  SINCE JAN 1      3.95                     10.79  -6.84    12.67

DEGREE DAYS
 HEATING
  YESTERDAY        0                         2     -2        7
  MONTH TO DATE    1                        88    -87       76
  SINCE MAR 1   1004                      1015    -11      785
  SINCE JUL 1   4569                      4856   -287     3453

 COOLING
  YESTERDAY       13                         5      8        0
  MONTH TO DATE  208                        65    143       75
  SINCE MAR 1    228                        90    138      126
  SINCE JAN 1    228                        90    138      126
..................................................................


WIND (MPH)
  HIGHEST WIND SPEED    37   HIGHEST WIND DIRECTION     W (290)
  HIGHEST GUST SPEED    46   HIGHEST GUST DIRECTION     W (280)
  AVERAGE WIND SPEED    10.8


SKY COVER
  POSSIBLE SUNSHINE  MM
  AVERAGE SKY COVER 0.1


WEATHER CONDITIONS
 THE FOLLOWING WEATHER WAS RECORDED YESTERDAY.
  THUNDERSTORM


RELATIVE HUMIDITY (PERCENT)
 HIGHEST    87           600 AM
 LOWEST     38           100 PM
 AVERAGE    63

..........................................................


THE SALINA KS CLIMATE NORMALS FOR TODAY
                         NORMAL    RECORD    YEAR
 MAXIMUM TEMPERATURE (F)   79        98      1953
 MINIMUM TEMPERATURE (F)   57        34      1925


SUNRISE AND SUNSET
MAY 25 2018...........SUNRISE   611 AM CDT   SUNSET   845 PM CDT
MAY 26 2018...........SUNRISE   610 AM CDT   SUNSET   845 PM CDT


-  INDICATES NEGATIVE NUMBERS.
R  INDICATES RECORD WAS SET OR TIED.
MM INDICATES DATA IS MISSING.
T  INDICATES TRACE AMOUNT.




$$
