000
CDUS45 KPIH 260732
CLISNT


CLIMATE REPORT
NATIONAL WEATHER SERVICE POCATELLO ID
132 AM MDT THU APR 26 2018


...................................

...THE STANLEY ID CLIMATE SUMMARY FOR APRIL 25 2018...

CLIMATE NORMAL PERIOD 1981 TO 2010
CLIMATE RECORD PERIOD 1916 TO 2018


WEATHER ITEM   OBSERVED TIME   RECORD YEAR NORMAL DEPARTURE LAST
                VALUE   (LST)  VALUE       VALUE  FROM      YEAR
                                                  NORMAL
..................................................................
TEMPERATURE (F)
 YESTERDAY
  MAXIMUM         62    347 PM  75    1977  51     11       47
  MINIMUM         22    604 AM   5    1921  22      0       31
  AVERAGE         42                        36      6       39

PRECIPITATION (IN)
  YESTERDAY        0.00          0.50 1983   0.06  -0.06     0.03
  MONTH TO DATE    1.79                      1.43   0.36     1.90
  SINCE OCT 1     16.09                     11.40   4.69    25.36
  SINCE JAN 1      7.85                      6.55   1.30    14.03

SNOWFALL (IN)
  YESTERDAY       MM
  MONTH TO DATE   MM
  SINCE MAR 1     MM
  SINCE JUL 1     MM
  SNOW DEPTH      MM

DEGREE DAYS
 HEATING
  YESTERDAY       23                        29     -6       26
  MONTH TO DATE  749                       805    -56      788
  SINCE MAR 1   1969                      1989    -20     1793
  SINCE JUL 1   8614                      9523   -909     9050

 COOLING
  YESTERDAY        0                         0      0        0
  MONTH TO DATE    0                         0      0        0
  SINCE MAR 1      0                         0      0        0
  SINCE JAN 1      0                         0      0        0
..................................................................


WIND (MPH)
  HIGHEST WIND SPEED    16   HIGHEST WIND DIRECTION     N (360)
  HIGHEST GUST SPEED    25   HIGHEST GUST DIRECTION    NW (320)
  AVERAGE WIND SPEED     4.2


SKY COVER
  POSSIBLE SUNSHINE  MM
  AVERAGE SKY COVER 0.0


WEATHER CONDITIONS
 THE FOLLOWING WEATHER WAS RECORDED YESTERDAY.
  NO SIGNIFICANT WEATHER WAS OBSERVED.


RELATIVE HUMIDITY (PERCENT)
 HIGHEST    88           300 AM
 LOWEST     22           400 PM
 AVERAGE    55

..........................................................


THE STANLEY ID CLIMATE NORMALS FOR TODAY
                         NORMAL    RECORD    YEAR
 MAXIMUM TEMPERATURE (F)   51        75      1977
 MINIMUM TEMPERATURE (F)   22         8      1924


SUNRISE AND SUNSET
APRIL 26 2018.........SUNRISE   638 AM MDT   SUNSET   837 PM MDT
APRIL 27 2018.........SUNRISE   637 AM MDT   SUNSET   839 PM MDT


-  INDICATES NEGATIVE NUMBERS.
R  INDICATES RECORD WAS SET OR TIED.
MM INDICATES DATA IS MISSING.
T  INDICATES TRACE AMOUNT.




$$
