000
CDUS43 KEAX 200633
CLISTJ


CLIMATE REPORT
NATIONAL WEATHER SERVICE KANSAS CITY/PLEASANT HILL MO
132 AM CDT FRI APR 20 2018


...................................

...THE ST. JOSEPH MO CLIMATE SUMMARY FOR APRIL 19 2018...

CLIMATE NORMAL PERIOD 1981 TO 2010
CLIMATE RECORD PERIOD 1892 TO 2018


WEATHER ITEM   OBSERVED TIME   RECORD YEAR NORMAL DEPARTURE LAST
                VALUE   (LST)  VALUE       VALUE  FROM      YEAR
                                                  NORMAL
..................................................................
TEMPERATURE (F)
 YESTERDAY
  MAXIMUM         60    443 PM  91    1987  67     -7       82
  MINIMUM         24    605 AM  20    1976  44    -20       62
  AVERAGE         42                        55    -13       72

PRECIPITATION (IN)
  YESTERDAY        0.00          2.17 1929   0.13  -0.13     0.00
  MONTH TO DATE    0.23                      2.04  -1.81     2.49
  SINCE MAR 1      0.58                      4.29  -3.71     5.06
  SINCE JAN 1      2.04                      5.78  -3.74     6.08

DEGREE DAYS
 HEATING
  YESTERDAY       23                        11     12        0
  MONTH TO DATE  475                       249    226      139
  SINCE MAR 1   1172                       934    238      706
  SINCE JUL 1   5043                      5242   -199     4003

 COOLING
  YESTERDAY        0                         1     -1        7
  MONTH TO DATE    2                        12    -10       14
  SINCE MAR 1      2                        14    -12       18
  SINCE JAN 1      2                        14    -12       18
..................................................................


WIND (MPH)
  HIGHEST WIND SPEED    20   HIGHEST WIND DIRECTION     N (360)
  HIGHEST GUST SPEED    26   HIGHEST GUST DIRECTION     N (360)
  AVERAGE WIND SPEED     7.4


SKY COVER
  POSSIBLE SUNSHINE  MM
  AVERAGE SKY COVER 0.1


WEATHER CONDITIONS
 THE FOLLOWING WEATHER WAS RECORDED YESTERDAY.
  NO SIGNIFICANT WEATHER WAS OBSERVED.


RELATIVE HUMIDITY (PERCENT)
 HIGHEST   100           600 AM
 LOWEST     31           500 PM
 AVERAGE    66

..........................................................


THE ST. JOSEPH MO CLIMATE NORMALS FOR TODAY
                         NORMAL    RECORD    YEAR
 MAXIMUM TEMPERATURE (F)   67        89      1987
 MINIMUM TEMPERATURE (F)   44        24      2013


SUNRISE AND SUNSET
APRIL 20 2018.........SUNRISE   635 AM CDT   SUNSET   803 PM CDT
APRIL 21 2018.........SUNRISE   633 AM CDT   SUNSET   804 PM CDT


-  INDICATES NEGATIVE NUMBERS.
R  INDICATES RECORD WAS SET OR TIED.
MM INDICATES DATA IS MISSING.
T  INDICATES TRACE AMOUNT.




$$
