000
CDUS41 KBGM 200558
CLISYR


CLIMATE REPORT
NATIONAL WEATHER SERVICE BINGHAMTON NY
155 AM EDT FRI APR 20 2018


...................................

...THE SYRACUSE NY CLIMATE SUMMARY FOR APRIL 19 2018...

CLIMATE NORMAL PERIOD 1981 TO 2010
CLIMATE RECORD PERIOD 1902 TO 2018


WEATHER ITEM   OBSERVED TIME   RECORD YEAR NORMAL DEPARTURE LAST
                VALUE   (LST)  VALUE       VALUE  FROM      YEAR
                                                  NORMAL
..................................................................
TEMPERATURE (F)
 YESTERDAY
  MAXIMUM         38   1111 AM  87    2008  59    -21       56
  MINIMUM         30   1031 PM  20    1904  38     -8       44
  AVERAGE         34                        48    -14       50

PRECIPITATION (IN)
  YESTERDAY        0.08          1.49 1925   0.10  -0.02     0.50
  MONTH TO DATE    1.65                      2.09  -0.44     3.66
  SINCE MAR 1      5.51                      5.04   0.47     7.51
  SINCE JAN 1     11.58                      9.61   1.97    14.09

SNOWFALL (IN)
  YESTERDAY        0.6           5.5  1983   0.1    0.5      0.0
  MONTH TO DATE    2.5                       3.2   -0.7      0.3
  SINCE MAR 1     46.1                      21.2   24.9     31.2
  SINCE JUL 1    153.6                     123.1   30.5    134.9
  SNOW DEPTH       0

DEGREE DAYS
 HEATING
  YESTERDAY       31                        17     14       15
  MONTH TO DATE  555                       388    167      315
  SINCE MAR 1   1605                      1345    260     1387
  SINCE JUL 1   6272                      6176     96     5656

 COOLING
  YESTERDAY        0                         0      0        0
  MONTH TO DATE    0                         0      0        8
  SINCE MAR 1      0                         0      0        8
  SINCE JAN 1      0                         0      0        8
..................................................................


WIND (MPH)
  HIGHEST WIND SPEED    21   HIGHEST WIND DIRECTION     W (290)
  HIGHEST GUST SPEED    27   HIGHEST GUST DIRECTION    NW (310)
  AVERAGE WIND SPEED    11.2


SKY COVER
  POSSIBLE SUNSHINE  MM
  AVERAGE SKY COVER 1.0


WEATHER CONDITIONS
 THE FOLLOWING WEATHER WAS RECORDED YESTERDAY.
  LIGHT RAIN
  LT FREEZING RAIN
  LIGHT SNOW
  FOG


RELATIVE HUMIDITY (PERCENT)
 HIGHEST   100           200 AM
 LOWEST     75          1200 AM
 AVERAGE    88

..........................................................


THE SYRACUSE NY CLIMATE NORMALS FOR TODAY
                         NORMAL    RECORD    YEAR
 MAXIMUM TEMPERATURE (F)   59        90      1941
 MINIMUM TEMPERATURE (F)   38        20      1904


SUNRISE AND SUNSET
APRIL 20 2018.........SUNRISE   614 AM EDT   SUNSET   753 PM EDT
APRIL 21 2018.........SUNRISE   613 AM EDT   SUNSET   754 PM EDT


-  INDICATES NEGATIVE NUMBERS.
R  INDICATES RECORD WAS SET OR TIED.
MM INDICATES DATA IS MISSING.
T  INDICATES TRACE AMOUNT.




$$
