000
CDKA40 PTYA 251600
CLIT11
DAILY CLIMATE REPORT
NATIONAL WEATHER SERVICE YAP FM
2AM LST SAT MAY 26 2018
THE YAP FM CLIMATE SUMMARY FOR MAY 25 2018
CLIMATE NORMAL PERIOD  1981  TO 2010
CLIMATE RECORD PERIOD  1951  TO 2017
WEATHER ITEM OBSERVED TIME  RECORD YEAR NORMAL DEPARTURE LAST
              VALUE   (LST) VALUE       VALUE    FROM    YEAR
                                                NORMAL
TEMPERATURE   (F)
YESTERDAY
MAXIMUM       90  1145        97  2014     89      1        88
MINIMUM       82  0445        63  1999     79      3        79
AVERAGE       86                           84      2        84
PRECIPITATION INCHES
YESTERDAY       0.00         164.24/1996   0.30    -0.30    0.18
MONTH TO DATE   5.07                       6.67    -1.60    4.64
SINCE 01 MAR   21.16                      17.73     3.43    20.18
SINCE JAN 01   41.24                      31.02    10.22    52.04
