000
CDUS42 KTBW 210838
CLITPA


CLIMATE REPORT
NATIONAL WEATHER SERVICE TAMPA BAY FL
437 AM EDT SAT APR 21 2018


...................................

...THE TAMPA CLIMATE SUMMARY FOR APRIL 20 2018...

CLIMATE NORMAL PERIOD 1981 TO 2010
CLIMATE RECORD PERIOD 1890 TO 2018


WEATHER ITEM   OBSERVED TIME   RECORD YEAR NORMAL DEPARTURE LAST
                VALUE   (LST)  VALUE       VALUE  FROM      YEAR
                                                  NORMAL
..................................................................
TEMPERATURE (F)
 YESTERDAY
  MAXIMUM         82        MM  90    1960  82      0       89
  MINIMUM         65        MM  49    1983  64      1       69
  AVERAGE         74                        73      1       79

PRECIPITATION (IN)
  YESTERDAY        0.00          0.67 1959   0.07  -0.07     0.00
  MONTH TO DATE    2.16                      1.44   0.72     0.59
  SINCE MAR 1      2.51                      4.47  -1.96     1.58
  SINCE JAN 1     10.22                      9.51   0.71     4.54

DEGREE DAYS
 HEATING
  YESTERDAY        0                         0      0        0
  MONTH TO DATE    0                         9     -9        0
  SINCE MAR 1     67                        65      2       28
  SINCE JUL 1    338                       536   -198      164

 COOLING
  YESTERDAY        9                         8      1       14
  MONTH TO DATE  184                       130     54      220
  SINCE MAR 1    292                       256     36      411
  SINCE JAN 1    609                       369    240      664
..................................................................


WIND (MPH)
  RESULTANT WIND SPEED   3   RESULTANT WIND DIRECTION  NW (300)
  HIGHEST WIND SPEED    13   HIGHEST WIND DIRECTION    NE (40)
  HIGHEST GUST SPEED    20   HIGHEST GUST DIRECTION    NE (40)
  AVERAGE WIND SPEED     6.1


SKY COVER
  POSSIBLE SUNSHINE  MM
  AVERAGE SKY COVER 0.3


WEATHER CONDITIONS
 THE FOLLOWING WEATHER WAS RECORDED YESTERDAY.
  NO SIGNIFICANT WEATHER WAS OBSERVED.


RELATIVE HUMIDITY (PERCENT)
 HIGHEST    87           200 AM
 LOWEST     51           100 PM
 AVERAGE    69

..........................................................


THE TAMPA CLIMATE NORMALS FOR TODAY
                         NORMAL    RECORD    YEAR
 MAXIMUM TEMPERATURE (F)   82        91      1925
 MINIMUM TEMPERATURE (F)   64        48      1953


SUNRISE AND SUNSET
APRIL 21 2018.........SUNRISE   659 AM EDT   SUNSET   759 PM EDT
APRIL 22 2018.........SUNRISE   658 AM EDT   SUNSET   759 PM EDT


-  INDICATES NEGATIVE NUMBERS.
R  INDICATES RECORD WAS SET OR TIED.
MM INDICATES DATA IS MISSING.
T  INDICATES TRACE AMOUNT.




$$


&&
------------------------------------------------------------------
******************** SUPPLEMENTAL DATA ***************************

...RUSKIN                HIGH 83    LOW 60    PCPN 0.00
...SARASOTA/BRADENTON    HIGH 80    LOW 60    PCPN 0.00
...ST. PETERSBURG        HIGH 82    LOW 69    PCPN 0.00
...GULF WATER TEMPERATURE AT CLEARWATER BEACH 75 DEGREES
