000
CDUS45 KLKN 240931
CLITPH


CLIMATE REPORT
NATIONAL WEATHER SERVICE ELKO NV
231 AM PDT TUE APR 24 2018


...................................

...THE TONOPAH AIRPORT NV CLIMATE SUMMARY FOR APRIL 23 2018...

CLIMATE NORMAL PERIOD 1981 TO 2010
CLIMATE RECORD PERIOD 1954 TO 2018


WEATHER ITEM   OBSERVED TIME   RECORD YEAR NORMAL DEPARTURE LAST
                VALUE   (LST)  VALUE       VALUE  FROM      YEAR
                                                  NORMAL
..................................................................
TEMPERATURE (F)
 YESTERDAY
  MAXIMUM         75    449 PM  84    2012  67      8       70
  MINIMUM         44    521 AM  20    1961  37      7       41
  AVERAGE         60                        52      8       56

PRECIPITATION (IN)
  YESTERDAY        0.00          0.73 1988   0.02  -0.02     0.00
  MONTH TO DATE    T                         0.33  -0.33     0.17
  SINCE OCT 1      0.73                      3.00  -2.27     1.99
  SINCE JAN 1      0.72                      1.91  -1.19     1.46

DEGREE DAYS
 HEATING
  YESTERDAY        5                        13     -8        9
  MONTH TO DATE  292                       380    -88      326
  SINCE MAR 1   1016                      1065    -49      857
  SINCE JUL 1   4596                      5107   -511     4722

 COOLING
  YESTERDAY        0                         0      0        0
  MONTH TO DATE    0                         0      0        0
  SINCE MAR 1      0                         0      0        0
  SINCE JAN 1      0                         0      0        0
..................................................................


WIND (MPH)
  HIGHEST WIND SPEED    17   HIGHEST WIND DIRECTION     N (360)
  HIGHEST GUST SPEED    21   HIGHEST GUST DIRECTION     N (350)
  AVERAGE WIND SPEED     9.3



WEATHER CONDITIONS
 THE FOLLOWING WEATHER WAS RECORDED YESTERDAY.
  NO SIGNIFICANT WEATHER WAS OBSERVED.


RELATIVE HUMIDITY (PERCENT)
 HIGHEST    42           400 AM
 LOWEST     12           700 PM
 AVERAGE    27

..........................................................


THE TONOPAH AIRPORT NV CLIMATE NORMALS FOR TODAY
                         NORMAL    RECORD    YEAR
 MAXIMUM TEMPERATURE (F)   67        83      1996
 MINIMUM TEMPERATURE (F)   37        19      1964


SUNRISE AND SUNSET
APRIL 24 2018.........SUNRISE   601 AM PDT   SUNSET   733 PM PDT
APRIL 25 2018.........SUNRISE   559 AM PDT   SUNSET   734 PM PDT


-  INDICATES NEGATIVE NUMBERS.
R  INDICATES RECORD WAS SET OR TIED.
MM INDICATES DATA IS MISSING.
T  INDICATES TRACE AMOUNT.




$$
