000
CDUS44 KMEG 202248
CLITUP


CLIMATE REPORT
NATIONAL WEATHER SERVICE MEMPHIS TN
548 PM CDT FRI APR 20 2018


...................................

...THE TUPELO CLIMATE SUMMARY FOR APRIL 20 2018...
VALID TODAY AS OF 0500 PM LOCAL TIME.

CLIMATE NORMAL PERIOD 1981 TO 2010
CLIMATE RECORD PERIOD 1930 TO 2018


WEATHER ITEM   OBSERVED TIME   RECORD YEAR NORMAL DEPARTURE LAST
                VALUE   (LST)  VALUE       VALUE  FROM      YEAR
                                                  NORMAL
..................................................................
TEMPERATURE (F)
 TODAY
  MAXIMUM         72    440 PM  91    1987  75     -3       85
  MINIMUM         36    537 AM  29    1983  52    -16       61
  AVERAGE         54                        63     -9       73

PRECIPITATION (IN)
  TODAY            0.00          3.66 1995   0.16  -0.16     0.00
  MONTH TO DATE    4.68                      3.08   1.60     3.83
  SINCE MAR 1      8.57                      7.90   0.67     7.94
  SINCE JAN 1     24.92                     17.34   7.58    16.41

SNOWFALL (IN)
  TODAY            0.0

DEGREE DAYS
 HEATING
  TODAY           11                         4      7        0
  MONTH TO DATE  194                       117     77       31
  SINCE MAR 1    539                       472     67      321
  SINCE JUL 1   2863                      2903    -40     1939

 COOLING
  TODAY            0                         2     -2        8
  MONTH TO DATE   10                        31    -21       67
  SINCE MAR 1     20                        45    -25      101
  SINCE JAN 1     40                        47     -7      113
..................................................................


WIND (MPH)
  HIGHEST WIND SPEED    22   HIGHEST WIND DIRECTION    NE (50)
  HIGHEST GUST SPEED    28   HIGHEST GUST DIRECTION    NE (50)
  AVERAGE WIND SPEED     8.2


SKY COVER
  POSSIBLE SUNSHINE  MM
  AVERAGE SKY COVER 0.0


WEATHER CONDITIONS
 THE FOLLOWING WEATHER WAS RECORDED TODAY.
  NO SIGNIFICANT WEATHER WAS OBSERVED.


RELATIVE HUMIDITY (PERCENT)
 HIGHEST    85           600 AM
 LOWEST     24           300 PM
 AVERAGE    55

..........................................................


THE TUPELO CLIMATE NORMALS FOR TOMORROW
                         NORMAL    RECORD    YEAR
 MAXIMUM TEMPERATURE (F)   76        93      1987
 MINIMUM TEMPERATURE (F)   52        31      1983


SUNRISE AND SUNSET
APRIL 20 2018.........SUNRISE   618 AM CDT   SUNSET   731 PM CDT
APRIL 21 2018.........SUNRISE   617 AM CDT   SUNSET   731 PM CDT


-  INDICATES NEGATIVE NUMBERS.
R  INDICATES RECORD WAS SET OR TIED.
MM INDICATES DATA IS MISSING.
T  INDICATES TRACE AMOUNT.




$$
