437
CDUS45 KBOI 240931
CLITWF


CLIMATE REPORT
NATIONAL WEATHER SERVICE BOISE ID
331 AM MDT TUE APR 24 2018


...................................

...THE TWIN FALLS ID CLIMATE SUMMARY FOR APRIL 23 2018...

CLIMATE NORMAL PERIOD 1981 TO 2010
CLIMATE RECORD PERIOD 9999 TO 9999


WEATHER ITEM   OBSERVED TIME   NORMAL DEPARTURE LAST
                VALUE   (LST)  VALUE  FROM      YEAR
                                      NORMAL
......................................................
TEMPERATURE (F)
 YESTERDAY
  MAXIMUM         60    433 PM  63     -3       63
  MINIMUM         36    609 AM  37     -1       38
  AVERAGE         48

PRECIPITATION (IN)
  YESTERDAY        0.00          0.04  -0.04     0.02
  MONTH TO DATE    0.54          0.84  -0.30     0.72
  SINCE OCT 1      5.55          6.92  -1.37     9.33
  SINCE JAN 1      2.99          3.67  -0.68     4.83

DEGREE DAYS
 HEATING
  YESTERDAY       17            15      2       14
  MONTH TO DATE  417           409      8      448
  SINCE MAR 1   1196          1131     65     1062
  SINCE JUL 1   5728          5698     30     5842

 COOLING
  YESTERDAY        0             0      0        0
  MONTH TO DATE    0             0      0        0
  SINCE MAR 1      0             0      0        0
  SINCE JAN 1      0             0      0        0
......................................................


WIND (MPH)
  HIGHEST WIND SPEED    29   HIGHEST WIND DIRECTION    SW (240)
  HIGHEST GUST SPEED    35   HIGHEST GUST DIRECTION    SW (240)
  AVERAGE WIND SPEED    16.2


SKY COVER
  AVERAGE SKY COVER 0.0


WEATHER CONDITIONS
 THE FOLLOWING WEATHER WAS RECORDED YESTERDAY.
  NO SIGNIFICANT WEATHER WAS OBSERVED.


RELATIVE HUMIDITY (PERCENT)
 HIGHEST    79          1100 PM
 LOWEST     23           300 PM
 AVERAGE    51

..........................................................




SUNRISE AND SUNSET
APRIL 24 2018.........SUNRISE   643 AM MDT   SUNSET   830 PM MDT
APRIL 25 2018.........SUNRISE   641 AM MDT   SUNSET   831 PM MDT


-  INDICATES NEGATIVE NUMBERS.
R  INDICATES RECORD WAS SET OR TIED.
MM INDICATES DATA IS MISSING.
T  INDICATES TRACE AMOUNT.




$$
