000
CDUS44 KSHV 200749
CLITXK


CLIMATE REPORT
NATIONAL WEATHER SERVICE SHREVEPORT, LA
249 AM CDT FRI APR 20 2018


...................................

...THE TEXARKANA CLIMATE SUMMARY FOR APRIL 19 2018...

CLIMATE NORMAL PERIOD 1981 TO 2010
CLIMATE RECORD PERIOD 1896 TO 2018


WEATHER ITEM   OBSERVED TIME   RECORD YEAR NORMAL DEPARTURE LAST
                VALUE   (LST)  VALUE       VALUE  FROM      YEAR
                                                  NORMAL
..................................................................
TEMPERATURE (F)
 YESTERDAY
  MAXIMUM         67    416 PM  94    1902  76     -9       81
  MINIMUM         45    620 AM  33    1953  53     -8       60
  AVERAGE         56                        65     -9       71

PRECIPITATION (IN)
  YESTERDAY        0.00          1.94 1982   0.13  -0.13     0.00
  MONTH TO DATE    1.34                      2.35  -1.01     3.12
  SINCE DEC 1     28.61                     18.99   9.62    20.86
  SINCE JAN 1     22.02                     13.94   8.08    14.44

SNOWFALL (IN)
  YESTERDAY        0.0
  MONTH TO DATE    0.0
  SINCE MAR 1      0.0
  SINCE JUL 1      2.0
  SNOW DEPTH       0

DEGREE DAYS
 HEATING
  YESTERDAY        9                         3      6        0
  MONTH TO DATE  149                        87     62       23
  SINCE MAR 1    368                       387    -19      222
  SINCE JUL 1   2483                      2581    -98     1673

 COOLING
  YESTERDAY        0                         3     -3        6
  MONTH TO DATE   16                        38    -22       57
  SINCE MAR 1     44                        57    -13      106
  SINCE JAN 1     58                        61     -3      138
..................................................................


WIND (MPH)
  HIGHEST WIND SPEED    16   HIGHEST WIND DIRECTION    NE (40)
  HIGHEST GUST SPEED    21   HIGHEST GUST DIRECTION    NE (40)
  AVERAGE WIND SPEED     6.7


SKY COVER
  POSSIBLE SUNSHINE  MM
  AVERAGE SKY COVER 0.0


WEATHER CONDITIONS
 THE FOLLOWING WEATHER WAS RECORDED YESTERDAY.
  NO SIGNIFICANT WEATHER WAS OBSERVED.


RELATIVE HUMIDITY (PERCENT)
 HIGHEST    77           900 PM
 LOWEST     34           300 PM
 AVERAGE    56

..........................................................


THE TEXARKANA CLIMATE NORMALS FOR TODAY
                         NORMAL    RECORD    YEAR
 MAXIMUM TEMPERATURE (F)   76        92      1987
 MINIMUM TEMPERATURE (F)   54        35      1901


SUNRISE AND SUNSET
APRIL 20 2018.........SUNRISE   640 AM CDT   SUNSET   751 PM CDT
APRIL 21 2018.........SUNRISE   638 AM CDT   SUNSET   751 PM CDT


-  INDICATES NEGATIVE NUMBERS.
R  INDICATES RECORD WAS SET OR TIED.
MM INDICATES DATA IS MISSING.
T  INDICATES TRACE AMOUNT.




$$
