000
CDUS43 KLOT 250639
CLIUGN


CLIMATE REPORT
NATIONAL WEATHER SERVICE CHICAGO IL
137 AM CDT FRI MAY 25 2018


...................................

...THE WAUKEGAN   CLIMATE SUMMARY FOR MAY 24 2018...

CLIMATE NORMAL PERIOD 1981 TO 2010
CLIMATE RECORD PERIOD 2000 TO 2018


WEATHER ITEM   OBSERVED TIME   RECORD YEAR NORMAL DEPARTURE LAST
                VALUE   (LST)  VALUE       VALUE  FROM      YEAR
                                                  NORMAL
..................................................................
TEMPERATURE (F)
 YESTERDAY
  MAXIMUM         77    322 PM  88    2007  68      9       60
  MINIMUM         50    423 AM  35    2013  47      3       49
  AVERAGE         64                        58      6       55

PRECIPITATION (IN)
  YESTERDAY        0.00          0.56 2006   0.14  -0.14     0.29
  MONTH TO DATE    7.97                      3.13   4.84     2.14
  SINCE MAR 1     10.36                      8.93   1.43     9.63
  SINCE JAN 1     13.54                     11.98   1.56    13.85

DEGREE DAYS
 HEATING
  YESTERDAY        1                         8     -7       10
  MONTH TO DATE  191                       260    -69      311
  SINCE MAR 1   1992                      1756    236     1653
  SINCE JUL 1   6669                      6702    -33     5765

 COOLING
  YESTERDAY        0                         1     -1        0
  MONTH TO DATE   17                        11      6       17
  SINCE MAR 1     17                        15      2       21
  SINCE JAN 1     17                        15      2       21
..................................................................


WIND (MPH)
  RESULTANT WIND SPEED   6   RESULTANT WIND DIRECTION  SE (150)
  HIGHEST WIND SPEED    15   HIGHEST WIND DIRECTION    SE (150)
  HIGHEST GUST SPEED    20   HIGHEST GUST DIRECTION    SE (150)
  AVERAGE WIND SPEED     6.0


SKY COVER
  POSSIBLE SUNSHINE  MM
  AVERAGE SKY COVER 0.0


WEATHER CONDITIONS
 THE FOLLOWING WEATHER WAS RECORDED YESTERDAY.
  FOG


RELATIVE HUMIDITY (PERCENT)
 HIGHEST   100
 LOWEST     47
 AVERAGE    74

..........................................................


THE WAUKEGAN   CLIMATE NORMALS FOR TODAY
                         NORMAL    RECORD    YEAR
 MAXIMUM TEMPERATURE (F)   68        81      2012
 MINIMUM TEMPERATURE (F)   47        38      2013


SUNRISE AND SUNSET
MAY 25 2018...........SUNRISE   521 AM CDT   SUNSET   816 PM CDT
MAY 26 2018...........SUNRISE   521 AM CDT   SUNSET   817 PM CDT


-  INDICATES NEGATIVE NUMBERS.
R  INDICATES RECORD WAS SET OR TIED.
MM INDICATES DATA IS MISSING.
T  INDICATES TRACE AMOUNT.




$$
