000
CDUS46 KSEW 260117
CLIUIL


CLIMATE REPORT
NATIONAL WEATHER SERVICE SEATTLE WA
617 PM PDT WED APR 25 2018


...................................

...THE QUILLAYUTE WA AIRPORT CLIMATE SUMMARY FOR APRIL 25 2018...
VALID TODAY AS OF 0500 PM LOCAL TIME.

CLIMATE NORMAL PERIOD 1981 TO 2010
CLIMATE RECORD PERIOD 1966 TO 2018


WEATHER ITEM   OBSERVED TIME   RECORD YEAR NORMAL DEPARTURE LAST
                VALUE   (LST)  VALUE       VALUE  FROM      YEAR
                                                  NORMAL
..................................................................
TEMPERATURE (F)
 TODAY
  MAXIMUM         74    454 PM  75    1971  56     18       53
  MINIMUM         38    457 AM  26    1999  39     -1       39
  AVERAGE         56                        48      8       46

PRECIPITATION (IN)
  TODAY            0.00          2.33 2012   0.24  -0.24     0.26
  MONTH TO DATE   10.27                      6.79   3.48    13.41
  SINCE OCT 1     86.02                     81.58   4.44   116.36
  SINCE JAN 1     47.80                     42.58   5.22    56.43

DEGREE DAYS
 HEATING
  TODAY            9                        17     -8       19
  MONTH TO DATE  447                       465    -18      437
  SINCE MAR 1   1141                      1113     28     1096
  SINCE JUL 1   4786                      4958   -172     4918

 COOLING
  TODAY            0                         0      0        0
  MONTH TO DATE    0                         0      0        0
  SINCE MAR 1      0                         0      0        0
  SINCE JAN 1      0                         0      0        0
..................................................................


WIND (MPH)
  RESULTANT WIND SPEED   1   RESULTANT WIND DIRECTION   W (260)
  HIGHEST WIND SPEED    13   HIGHEST WIND DIRECTION     W (260)
  HIGHEST GUST SPEED    16   HIGHEST GUST DIRECTION     W (270)
  AVERAGE WIND SPEED     5.6


SKY COVER
  AVERAGE SKY COVER 0.0


WEATHER CONDITIONS
 THE FOLLOWING WEATHER WAS RECORDED TODAY.
  NO SIGNIFICANT WEATHER WAS OBSERVED.


RELATIVE HUMIDITY (PERCENT)
 HIGHEST    86           600 AM
 LOWEST     29           200 PM
 AVERAGE    58

..........................................................


THE QUILLAYUTE WA AIRPORT CLIMATE NORMALS FOR TOMORROW
                         NORMAL    RECORD    YEAR
 MAXIMUM TEMPERATURE (F)   56        83      1987
 MINIMUM TEMPERATURE (F)   40        29      1999
                                             1984


SUNRISE AND SUNSET
APRIL 25 2018.........SUNRISE   610 AM PDT   SUNSET   823 PM PDT
APRIL 26 2018.........SUNRISE   608 AM PDT   SUNSET   824 PM PDT


-  INDICATES NEGATIVE NUMBERS.
R  INDICATES RECORD WAS SET OR TIED.
MM INDICATES DATA IS MISSING.
T  INDICATES TRACE AMOUNT.




$$
