000
CDUS43 KUNR 211839
CLIUNR


CLIMATE REPORT
NATIONAL WEATHER SERVICE RAPID CITY SD
1237 PM MDT MON MAY 21 2018


...................................

...THE EAST RAPID CITY SD CLIMATE SUMMARY FOR MAY 21 2018...
VALID AS OF 1200 PM LOCAL TIME.

CLIMATE NORMAL PERIOD 1981 TO 2010
CLIMATE RECORD PERIOD 1888 TO 2018


WEATHER ITEM   OBSERVED RECORD YEAR NORMAL DEPARTURE LAST
                VALUE   VALUE       VALUE  FROM      YEAR
                                           NORMAL
...........................................................
TEMPERATURE (F)
 TODAY
  MAXIMUM         68     92    1966  68      0       64
  MINIMUM         40     27    1931  47     -7       43
  AVERAGE         54                 57     -3       54

PRECIPITATION (IN)
  TODAY            0.00   1.64 1962   0.15  -0.15     0.08
  MONTH TO DATE    3.08               2.68   0.40     1.25
  SINCE MAR 1      6.34               5.77   0.57     3.68
  SINCE JAN 1      7.53               6.54   0.99     4.47

SNOWFALL (IN)
  TODAY            0.0    0.0  2002   0.1   -0.1      0.0
                               2001
                               2000
  MONTH TO DATE    0.0                1.9   -1.9      0.0
  SINCE MAR 1     34.3               22.5   11.8      6.0
  SINCE JUL 1     66.4               49.2   17.2     39.2
  SNOW DEPTH       0

DEGREE DAYS
 HEATING
  TODAY           11                  8      3       11
  MONTH TO DATE  185                237    -52      201
  SINCE MAR 1   1892               1749    143     1514
  SINCE JUL 1   6994               6703    291     6110

 COOLING
  TODAY            0                  1     -1        0
  MONTH TO DATE   14                  5      9       13
  SINCE MAR 1     14                  6      8       13
  SINCE JAN 1     14                  6      8       13
...........................................................





WEATHER CONDITIONS
 THE FOLLOWING WEATHER WAS RECORDED TODAY.
  NO SIGNIFICANT WEATHER WAS OBSERVED.


..........................................................


THE EAST RAPID CITY SD CLIMATE NORMALS FOR TOMORROW
                         NORMAL    RECORD    YEAR
 MAXIMUM TEMPERATURE (F)   68        89      2006
 MINIMUM TEMPERATURE (F)   47        30      1963


SUNRISE AND SUNSET
MAY 21 2018...........SUNRISE   521 AM MDT   SUNSET   819 PM MDT
MAY 22 2018...........SUNRISE   520 AM MDT   SUNSET   820 PM MDT


-  INDICATES NEGATIVE NUMBERS.
R  INDICATES RECORD WAS SET OR TIED.
MM INDICATES DATA IS MISSING.
T  INDICATES TRACE AMOUNT.




$$
