109
CDUS42 KTAE 190633
CLIVLD


CLIMATE REPORT
NATIONAL WEATHER SERVICE TALLAHASSEE FL
233 AM EDT THU APR 19 2018


...................................

...THE VALDOSTA CLIMATE SUMMARY FOR APRIL 18 2018...

CLIMATE NORMAL PERIOD 1981 TO 2010
CLIMATE RECORD PERIOD 1948 TO 2018


WEATHER ITEM   OBSERVED TIME   NORMAL DEPARTURE LAST
                VALUE   (LST)  VALUE  FROM      YEAR
                                      NORMAL
......................................................
TEMPERATURE (F)
 YESTERDAY
  MAXIMUM         86    304 PM  80      6       87
  MINIMUM         44    625 AM  53     -9       56
  AVERAGE         65            66     -1       72

PRECIPITATION (IN)
  YESTERDAY        0.00          0.08  -0.08     0.00
  MONTH TO DATE    2.60          1.96   0.64     1.92
  SINCE MAR 1      4.42          6.83  -2.41     3.12
  SINCE JAN 1     10.29         15.56  -5.27    13.43

SNOWFALL (IN)
  YESTERDAY        0.0
  MONTH TO DATE    0.0
  SINCE MAR 1      0.0
  SINCE JUL 1      0.6

DEGREE DAYS
 HEATING
  YESTERDAY        0             2     -2        0
  MONTH TO DATE   60            53      7       27
  SINCE MAR 1    332           239     93      201
  SINCE JUL 1   1579          1619    -40      987

 COOLING
  YESTERDAY        0             3     -3        7
  MONTH TO DATE   16            43    -27       66
  SINCE MAR 1     50            76    -26      123
  SINCE JAN 1    133            86     47      169
......................................................


WIND (MPH)
  HIGHEST WIND SPEED    15   HIGHEST WIND DIRECTION     S (190)
  HIGHEST GUST SPEED    23   HIGHEST GUST DIRECTION     S (170)
  AVERAGE WIND SPEED     4.7




RELATIVE HUMIDITY (PERCENT)
 HIGHEST    93
 LOWEST     19
 AVERAGE    56

..........................................................




SUNRISE AND SUNSET
APRIL 19 2018.........SUNRISE   701 AM EDT   SUNSET   804 PM EDT
APRIL 20 2018.........SUNRISE   700 AM EDT   SUNSET   804 PM EDT


-  INDICATES NEGATIVE NUMBERS.
R  INDICATES RECORD WAS SET OR TIED.
MM INDICATES DATA IS MISSING.
T  INDICATES TRACE AMOUNT.




$$
