000
CDUS46 KPQR 270222
CLIVUO


CLIMATE REPORT
NATIONAL WEATHER SERVICE PORTLAND OREGON
721 PM PDT THU APR 26 2018


...................................

...THE VANCOUVER WA CLIMATE SUMMARY FOR APRIL 26 2018...
VALID TODAY AS OF 0700 PM LOCAL TIME.

CLIMATE NORMAL PERIOD 1981 TO 2010
CLIMATE RECORD PERIOD 1891 TO 2018


WEATHER ITEM   OBSERVED TIME   RECORD YEAR NORMAL DEPARTURE LAST
                VALUE   (LST)  VALUE       VALUE  FROM      YEAR
                                                  NORMAL
..................................................................
TEMPERATURE (F)
 TODAY
  MAXIMUM         85    446 PM  86    2004  64     21       59
  MINIMUM         48    525 AM  28    1984  44      4       45
  AVERAGE         67                        54     13       52

PRECIPITATION (IN)
  TODAY            0.00                      0.10  -0.10     0.15
  MONTH TO DATE    3.15                      2.68   0.47     4.05
  SINCE OCT 1     27.63                     31.53  -3.90    45.65
  SINCE JAN 1     13.44                     15.78  -2.34    25.79

DEGREE DAYS
 HEATING
  TODAY            0                                        13
  MONTH TO DATE  321                                       351
  SINCE MAR 1    898                                       874
  SINCE JUL 1   3931                                      4174

 COOLING
  TODAY            2                                         0
  MONTH TO DATE    3                                         0
  SINCE MAR 1      3                                         0
  SINCE JAN 1      3                                         0
..................................................................


WIND (MPH)
  HIGHEST WIND SPEED    12   HIGHEST WIND DIRECTION     N (340)
  HIGHEST GUST SPEED    18   HIGHEST GUST DIRECTION     N (340)
  AVERAGE WIND SPEED     3.9


SKY COVER
  POSSIBLE SUNSHINE  MM
  AVERAGE SKY COVER 0.0


WEATHER CONDITIONS
 THE FOLLOWING WEATHER WAS RECORDED TODAY.
  NO SIGNIFICANT WEATHER WAS OBSERVED.


RELATIVE HUMIDITY (PERCENT)
 HIGHEST    86           500 AM
 LOWEST     27           400 PM
 AVERAGE    57

..........................................................


THE VANCOUVER WA CLIMATE NORMALS FOR TOMORROW
                         NORMAL    RECORD    YEAR
 MAXIMUM TEMPERATURE (F)   64        90      1926
 MINIMUM TEMPERATURE (F)   44        30      1984


SUNRISE AND SUNSET
APRIL 26 2018.........SUNRISE   606 AM PDT   SUNSET   811 PM PDT
APRIL 27 2018.........SUNRISE   604 AM PDT   SUNSET   813 PM PDT


-  INDICATES NEGATIVE NUMBERS.
R  INDICATES RECORD WAS SET OR TIED.
MM INDICATES DATA IS MISSING.
T  INDICATES TRACE AMOUNT.




$$
