000
CDUS46 KLOX 250117
CLIWJF


CLIMATE REPORT
NATIONAL WEATHER SERVICE LOS ANGELES/OXNARD CA
617 PM PDT THU MAY 24 2018


...................................

...THE LANCASTER CLIMATE SUMMARY FOR MAY 24 2018...
VALID TODAY AS OF 0600 PM LOCAL TIME.

CLIMATE NORMAL PERIOD 1981 TO 2010
CLIMATE RECORD PERIOD 1948 TO 2018


WEATHER ITEM   OBSERVED TIME   RECORD YEAR NORMAL DEPARTURE LAST
                VALUE   (LST)  VALUE       VALUE  FROM      YEAR
                                                  NORMAL
..................................................................
TEMPERATURE (F)
 TODAY
  MAXIMUM         79    142 PM  99    2001  85     -6       92
  MINIMUM         53    531 AM  39    2008  56     -3       61
  AVERAGE         66                        70     -4       77

PRECIPITATION (IN)
  TODAY            0.00          T    1999   0.01  -0.01     0.00
  MONTH TO DATE    0.00                      0.08  -0.08     0.00
  SINCE OCT 1      2.76                      6.98  -4.22     6.51
  SINCE JAN 1      2.74                      4.85  -2.11     4.52

SNOWFALL (IN)
  TODAY            0.0           0.0    MM   0.0             0.0
  MONTH TO DATE    0.0                       0.0             0.0
  SINCE MAR 1      0.0                       0.0             0.0
  SINCE JUL 1      0.0                       2.3             0.0
  SNOW DEPTH       0

DEGREE DAYS
 HEATING
  TODAY            0                         1     -1        0
  MONTH TO DATE   31                        53    -22       66
  SINCE MAR 1    538                       628    -90      477
  SINCE JUL 1   2523                      2921   -398     2476

 COOLING
  TODAY            1                         6     -5       12
  MONTH TO DATE   86                       107    -21      108
  SINCE MAR 1    134                       137     -3      118
  SINCE JAN 1    134                       137     -3      118
..................................................................


WIND (MPH)
  HIGHEST WIND SPEED    32   HIGHEST WIND DIRECTION    SW (220)
  HIGHEST GUST SPEED    40   HIGHEST GUST DIRECTION    SW (210)
  AVERAGE WIND SPEED    14.4


SKY COVER
  POSSIBLE SUNSHINE  MM
  AVERAGE SKY COVER 0.0


WEATHER CONDITIONS
 THE FOLLOWING WEATHER WAS RECORDED TODAY.
  NO SIGNIFICANT WEATHER WAS OBSERVED.


RELATIVE HUMIDITY (PERCENT)
 HIGHEST    83           400 AM
 LOWEST     31          1200 PM
 AVERAGE    57

..........................................................


THE LANCASTER CLIMATE NORMALS FOR TOMORROW
                         NORMAL    RECORD    YEAR
 MAXIMUM TEMPERATURE (F)   85       105      1951
 MINIMUM TEMPERATURE (F)   56        41      2010
                                             1953


SUNRISE AND SUNSET
MAY 24 2018...........SUNRISE   544 AM PDT   SUNSET   756 PM PDT
MAY 25 2018...........SUNRISE   544 AM PDT   SUNSET   756 PM PDT


-  INDICATES NEGATIVE NUMBERS.
R  INDICATES RECORD WAS SET OR TIED.
MM INDICATES DATA IS MISSING.
T  INDICATES TRACE AMOUNT.




$$
