140
CDUS45 KRIW 200731
CLIWRL


CLIMATE REPORT
NATIONAL WEATHER SERVICE RIVERTON WY
129 AM MDT FRI APR 20 2018


...................................

...THE WORLAND WY CLIMATE SUMMARY FOR APRIL 19 2018...

CLIMATE NORMAL PERIOD 1981 TO 2010
CLIMATE RECORD PERIOD 1947 TO 2018


WEATHER ITEM   OBSERVED TIME   RECORD YEAR NORMAL DEPARTURE LAST
                VALUE   (LST)  VALUE       VALUE  FROM      YEAR
                                                  NORMAL
..................................................................
TEMPERATURE (F)
 YESTERDAY
  MAXIMUM         60    324 PM  85    1980  61     -1       60
  MINIMUM         30    457 AM  19    1982  32     -2       36
  AVERAGE         45                        46     -1       48

PRECIPITATION (IN)
  YESTERDAY        0.00          0.50 2007   0.03  -0.03     0.19
  MONTH TO DATE    0.42                      0.43  -0.01     1.22
  SINCE MAR 1      1.08                      0.89   0.19     2.20
  SINCE JAN 1      1.40                      1.31   0.09     2.60

DEGREE DAYS
 HEATING
  YESTERDAY       20                        18      2       17
  MONTH TO DATE  482                       398     84      354
  SINCE MAR 1   1408                      1283    125     1024
  SINCE JUL 1   7735                      7284    451     6899

 COOLING
  YESTERDAY        0                         0      0        0
  MONTH TO DATE    0                         0      0        0
  SINCE MAR 1      0                         0      0        0
  SINCE JAN 1      0                         0      0        0
..................................................................


WIND (MPH)
  HIGHEST WIND SPEED    14   HIGHEST WIND DIRECTION     N (10)
  HIGHEST GUST SPEED    18   HIGHEST GUST DIRECTION     N (20)
  AVERAGE WIND SPEED     5.2


SKY COVER
  POSSIBLE SUNSHINE  MM
  AVERAGE SKY COVER 0.0


WEATHER CONDITIONS
 THE FOLLOWING WEATHER WAS RECORDED YESTERDAY.
  NO SIGNIFICANT WEATHER WAS OBSERVED.


RELATIVE HUMIDITY (PERCENT)
 HIGHEST    92           500 AM
 LOWEST     23           300 PM
 AVERAGE    58

..........................................................


THE WORLAND WY CLIMATE NORMALS FOR TODAY
                         NORMAL    RECORD    YEAR
 MAXIMUM TEMPERATURE (F)   61        87      1980
 MINIMUM TEMPERATURE (F)   32        15      1966


SUNRISE AND SUNSET
APRIL 20 2018.........SUNRISE   620 AM MDT   SUNSET   802 PM MDT
APRIL 21 2018.........SUNRISE   619 AM MDT   SUNSET   803 PM MDT


-  INDICATES NEGATIVE NUMBERS.
R  INDICATES RECORD WAS SET OR TIED.
MM INDICATES DATA IS MISSING.
T  INDICATES TRACE AMOUNT.




$$
