000
CDUS41 KPBZ 220703
CLIZZV


CLIMATE REPORT
NATIONAL WEATHER SERVICE PITTSBURGH PA
302 AM EDT TUE MAY 22 2018


...................................

...THE ZANESVILLE OH CLIMATE SUMMARY FOR MAY 21 2018...

CLIMATE NORMAL PERIOD 1981 TO 2010
CLIMATE RECORD PERIOD 1895 TO 2018


WEATHER ITEM   OBSERVED TIME   RECORD YEAR NORMAL DEPARTURE LAST
                VALUE   (LST)  VALUE       VALUE  FROM      YEAR
                                                  NORMAL
..................................................................
TEMPERATURE (F)
 YESTERDAY
  MAXIMUM         81    510 PM  96    1934  74      7       72
  MINIMUM         59    636 AM  33    1907  51      8       65
  AVERAGE         70                        62      8       69

PRECIPITATION (IN)
  YESTERDAY        0.17          1.88 1909   0.14   0.03     0.23
  MONTH TO DATE    2.75                      2.77  -0.02     3.02
  SINCE JUN 1     42.02                     36.44   5.58    35.17
  SINCE JAN 1     19.16                     14.04   5.12    16.55

DEGREE DAYS
 HEATING
  YESTERDAY        0                         5     -5        0
  MONTH TO DATE   17                       144   -127      131
  SINCE MAR 1   1410                      1310    100     1064
  SINCE JUL 1   5359                      5501   -142     4416

 COOLING
  YESTERDAY        5                         2      3        4
  MONTH TO DATE   90                        22     68       32
  SINCE MAR 1    100                        31     69       63
  SINCE JAN 1    105                        31     74       64
..................................................................


WIND (MPH)
  HIGHEST WIND SPEED    17   HIGHEST WIND DIRECTION    NW (310)
  HIGHEST GUST SPEED    23   HIGHEST GUST DIRECTION    NW (320)
  AVERAGE WIND SPEED     4.9


SKY COVER
  POSSIBLE SUNSHINE  MM
  AVERAGE SKY COVER 0.2


WEATHER CONDITIONS
 THE FOLLOWING WEATHER WAS RECORDED YESTERDAY.
  THUNDERSTORM
  RAIN
  LIGHT RAIN
  FOG


RELATIVE HUMIDITY (PERCENT)
 HIGHEST    90           400 AM
 LOWEST     58           100 PM
 AVERAGE    74

..........................................................


THE ZANESVILLE OH CLIMATE NORMALS FOR TODAY
                         NORMAL    RECORD    YEAR
 MAXIMUM TEMPERATURE (F)   74        95      1941
 MINIMUM TEMPERATURE (F)   51        30      2002


SUNRISE AND SUNSET
MAY 22 2018...........SUNRISE   607 AM EDT   SUNSET   842 PM EDT
MAY 23 2018...........SUNRISE   606 AM EDT   SUNSET   843 PM EDT


-  INDICATES NEGATIVE NUMBERS.
R  INDICATES RECORD WAS SET OR TIED.
MM INDICATES DATA IS MISSING.
T  INDICATES TRACE AMOUNT.




$$
