770
CXUS51 KGYX 180249
CLMAUG

PWMCLMAUG 000
TTAA00 KGYX 081945


CLIMATE REPORT
NATIONAL WEATHER SERVICE GRAY ME
1049 PM EDT TUE APR 17 2018

...................................

...THE AUGUSTA CLIMATE SUMMARY FOR THE MONTH OF MARCH 2018...

CLIMATE NORMAL PERIOD 1981 TO 2010
CLIMATE RECORD PERIOD 1948 TO 2018

WEATHER         OBSERVED          NORMAL  DEPART  LAST YEAR`S
                 VALUE   DATE(S)  VALUE   FROM    VALUE  DATE(S)
                                          NORMAL
................................................................
TEMPERATURE (F)
RECORD
 HIGH              85   03/31/1998
 LOW              -11   03/01/1982
HIGHEST            55   03/30        60      -5       50  03/08
LOWEST              7   03/18         3       4       -4  03/11
AVG. MAXIMUM     39.2              40.4    -1.2     34.3
AVG. MINIMUM     25.8              23.4     2.4     18.4
MEAN             32.5              31.9     0.6     26.3
DAYS MAX >= 90      0               0.0     0.0        0
DAYS MAX <= 32      6               5.1     0.9       13
DAYS MIN <= 32     27              25.3     1.7       28
DAYS MIN <= 0       0               0.5    -0.5        1

PRECIPITATION (INCHES)
RECORD
 MAXIMUM         9.71   1953
 MINIMUM         0.59   1965
TOTALS           2.55              3.37   -0.82     3.49
DAILY AVG.       0.08              0.11   -0.03     0.11
DAYS >= .01         9              11.0    -2.0       11
DAYS >= .10         6               6.6    -0.6        6
DAYS >= .50         2               2.1    -0.1        1
DAYS >= 1.00        1               0.6     0.4        1
GREATEST
 24 HR. TOTAL    1.08   03/08

DEGREE_DAYS
HEATING TOTAL     998              1026     -28     1192
 SINCE 7/1       5984              6369    -385     6004
COOLING TOTAL       0                 0       0        0
 SINCE 1/1          0                 0       0        0
.................................................................

WIND (MPH)
AVERAGE WIND SPEED              10.4
HIGHEST WIND SPEED/DIRECTION    33/020    DATE  03/03
HIGHEST GUST SPEED/DIRECTION    45/030    DATE  03/03

SKY COVER
AVERAGE SKY COVER           0.50

AVERAGE RH (PERCENT)     64

-  INDICATES NEGATIVE NUMBERS.
R  INDICATES RECORD WAS SET OR TIED.
MM INDICATES DATA IS MISSING.
T  INDICATES TRACE AMOUNT.

&&

WARM WEATHER WHICH REACHED ITS PEAK IN THE LAST HALF OF FEBRUARY
CONTINUED IN LESS DRAMATIC FORM INTO THE FIRST PART OF MARCH. THIS
EARLY SEASON WARMTH MAY HAVE LED SOME RESIDENTS TO EXPECT AN EARLY
SPRING, BUT THAT IS NOT WHAT WAS IN STORE. THE FIRST OF TWO
SIGNIFICANT NOR`EASTERS BROUGHT HEAVY SNOW ON THE 7TH AND 8TH. ABOUT
A WEEK LATER THE SECOND STORM BROUGHT MORE HEAVY SNOW ON THE 13TH
AND 14TH. COLDER TEMPERATURES MOVED IN BEHIND THIS STORM WITH THREE
STRAIGHT DAYS BELOW FREEZING IN THE MIDDLE OF MARCH. THE WORST OF
THE COLD BEGAN TO ABATE JUST AS ASTRONOMICAL SPRING BEGAN, WITH THE
REST OF THE MONTH SEEING GRADUALLY WARMING TEMPERATURES. THE LAST 4
DAYS OF MARCH SAW TEMPERATURES IN THE 50S, INCLUDING 55 DEGREES ON
MARCH 30, SPRING-LIKE WARMTH WHICH HAD NOT BEEN SEEN SINCE FEBRUARY.

THE AVERAGE TEMPERATURE FOR THE MONTH WAS 32.5 DEGREES WHICH WAS 0.6
DEGREES ABOVE NORMAL. ALTHOUGH DAYTIME HIGHS WERE COLDER THAN
NORMAL, NIGHTTIME LOWS WERE WARM ENOUGH TO BRING THE MONTHLY AVERAGE
ABOVE NORMAL. THE WARMEST MARCH ON RECORD WAS IN 2010 WHEN THE
AVERAGE TEMPERATURE WAS 39.4 DEGREES. THE COLDEST WAS IN 2014 WHEN
IT WAS 24.5 DEGREES.

A TOTAL OF 2.55 INCHES OF PRECIPITATION FELL WHICH WAS 0.82 INCHES
BELOW NORMAL. THE HEAVIEST PRECIPITATION FELL DURING THE TWO MAJOR
SNOWSTORMS THAT OCCURRED, EACH DROPPING MORE THAN AN INCH OF LIQUID
EQUIVALENT PRECIPITATION ON THE 7TH AND 8TH AND AGAIN ON THE 13TH
AND 14TH. THE DRIEST MARCH ON RECORD WAS IN 1965 WHEN ONLY 0.59
INCHES WAS RECORDED. THE WETTEST WAS IN 1953 WHEN 9.71 INCHES FELL.

NO DAILY RECORDS WERE SET OR TIED IN MARCH 2018.

$$

KIMBLE
