000
CXUS51 KILN 011148
CLMCMH


CLIMATE REPORT
NATIONAL WEATHER SERVICE WILMINGTON OH
747 AM EDT SUN APR 1 2018

...................................

...THE COLUMBUS CLIMATE SUMMARY FOR THE MONTH OF MARCH 2018...

CLIMATE NORMAL PERIOD 1981 TO 2010
CLIMATE RECORD PERIOD 1869 TO 2018

WEATHER         OBSERVED          NORMAL  DEPART  LAST YEAR`S
                 VALUE   DATE(S)  VALUE   FROM    VALUE  DATE(S)
                                          NORMAL
................................................................
TEMPERATURE (F)
RECORD
 HIGH              85   03/22/2012
                        03/21/2012
 LOW               -6   03/09/1984
HIGHEST            61   03/29        50      11       77  03/30
                        03/19
LOWEST             20   03/10        31     -11       15  03/15
AVG. MAXIMUM     47.5              51.1    -3.6     52.1
AVG. MINIMUM     29.6              32.7    -3.1     34.1
MEAN             38.5              41.9    -3.4     43.1
DAYS MAX >= 90      0               0.0     0.0        0
DAYS MAX <= 32      0               1.8    -1.8        1
DAYS MIN <= 32     23              15.3     7.7       15
DAYS MIN <= 0       0               0.0     0.0        0

PRECIPITATION (INCHES)
TOTALS           2.96              3.02   -0.06     5.39
DAILY AVG.       0.10              0.10    0.00     0.17
DAYS >= .01        11              12.8    -1.8       15
DAYS >= .10         6               7.1    -1.1        8
DAYS >= .50         2               1.9     0.1        4
DAYS >= 1.00        0               0.4    -0.4        2
GREATEST
 24 HR. TOTAL    0.83   03/01 TO 03/01           03/26 TO 03/26
                                                          03/13 TO 03/13
                                                          03/13 TO 03/13
 STORM TOTAL       MM                                 MM
 (MM/DD(HH))            MM                    03/26(00) TO 03/26(00)
                                                 03/13(00) TO 03/13(00)3
                                                 03/13(00) TO 03/13(00)3

SNOWFALL (INCHES)
TOTALS            3.2               4.2    -1.0      1.7
SINCE 7/1        27.8              25.6     2.2      9.3
DAYS >= TRACE      13               4.5     8.5        8
DAYS >= 1.0         0               1.1    -1.1        0
GREATEST
 24 HR TOTAL      0.9   03/21 TO 03/21           03/13 TO 03/13
                                                          03/13 TO 03/13
                                                          03/13 TO 03/13
 STORM TOTAL       MM                                 MM
 (MM/DD(HH))            MM                    03/13(00) TO 03/13(00)
                                                 03/13(00) TO 03/13(00)3
                                                 03/13(00) TO 03/13(00)3

DEGREE_DAYS
HEATING TOTAL     813               716      97      673
 SINCE 7/1       4660              4711     -51     3942
COOLING TOTAL       0                 0       0        2
 SINCE 1/1          4                 0       4        6
....................................................

WIND (MPH)
AVERAGE WIND SPEED              9.8
RESULTANT WIND SPEED/DIRECTION   3/349
HIGHEST WIND SPEED/DIRECTION    33/300    DATE  03/01
HIGHEST GUST SPEED/DIRECTION    43/320    DATE  03/01

SKY COVER
AVERAGE SKY COVER           0.60

AVERAGE RH (PERCENT)     65

WEATHER CONDITIONS. NUMBER OF DAYS WITH
THUNDERSTORM              0     MIXED PRECIP               0
HEAVY RAIN                1     RAIN                       4
LIGHT RAIN               11     FREEZING RAIN              0
LT FREEZING RAIN          2     HAIL                       0
HEAVY SNOW                1     SNOW                       2
LIGHT SNOW               13     SLEET                      0
FOG                      14     FOG W/VIS <= 1/4 MILE      3
HAZE                      2

-  INDICATES NEGATIVE NUMBERS.
R  INDICATES RECORD WAS SET OR TIED.
MM INDICATES DATA IS MISSING.
T  INDICATES TRACE AMOUNT.

$$
