000
CXUS46 KLOX 012211
CLMCQT


CLIMATE REPORT
NATIONAL WEATHER SERVICE LOS ANGELES/OXNARD CA
311 PM PDT TUE MAY 1 2018

...................................

...THE DOWNTOWN LOS ANGELES (USC) CA CLIMATE SUMMARY FOR THE MONTH OF APRIL 2018...

CLIMATE NORMAL PERIOD 1981 TO 2010
CLIMATE RECORD PERIOD 1877 TO 2018

WEATHER         OBSERVED          NORMAL  DEPART  LAST YEAR`S
                 VALUE   DATE(S)  VALUE   FROM    VALUE
                                          NORMAL
.............................................................
TEMPERATURE (F)
HIGHEST            95   04/09
LOWEST             51   04/19
                        04/17
AVG. MAXIMUM     73.6              72.7     0.9
AVG. MINIMUM     55.1              53.5     1.6
MEAN             64.3              63.1     1.2
DAYS MAX >= 90      1
DAYS MAX <= 32      0
DAYS MIN <= 32      0
DAYS MIN <= 0       0

PRECIPITATION (INCHES)
TOTALS           0.02              0.91   -0.89
DAILY AVG.       0.00
DAYS >= .01         1
DAYS >= .10         0
DAYS >= .50         0
DAYS >= 1.00        0
GREATEST
 24 HR. TOTAL    0.02   04/19 TO 04/19

DEGREE_DAYS
HEATING TOTAL      56               101     -45       12
 SINCE 7/1        612              1033    -421      706
COOLING TOTAL      45                44       1      107
 SINCE 1/1         81                87      -6      180
..............................................................

WIND (MPH)
AVERAGE WIND SPEED              1.9
HIGHEST WIND SPEED/DIRECTION    17/260    DATE  04/16
HIGHEST GUST SPEED/DIRECTION    32/270    DATE  04/16

SKY COVER
POSSIBLE SUNSHINE (PERCENT)   MM
AVERAGE SKY COVER           0.20
NUMBER OF DAYS FAIR           20
NUMBER OF DAYS PC              9
NUMBER OF DAYS CLOUDY          1

AVERAGE RH (PERCENT)     62

WEATHER CONDITIONS. NUMBER OF DAYS WITH
  0
  0
  0
  0
  0
  0
  0
HAZE                     11

-  INDICATES NEGATIVE NUMBERS.
R  INDICATES RECORD WAS SET OR TIED.
MM INDICATES DATA IS MISSING.
T  INDICATES TRACE AMOUNT.

$$
