000
CXUS52 KAKQ 010634
CLMECG
CLIMATE REPORT
NATIONAL WEATHER SERVICE WAKEFIELD VA
134 AM EST FRI MAR 01 2024
...................................
...THE ELIZABETH CITY NC CLIMATE SUMMARY FOR THE MONTH OF FEBRUARY 2024...
CLIMATE NORMAL PERIOD: 1991 TO 2020
CLIMATE RECORD PERIOD: 1934 TO 2024
WEATHER OBSERVED NORMAL DEPART LAST YEAR`S
VALUE DATE(S) VALUE FROM VALUE DATE(S)
NORMAL
................................................................
TEMPERATURE (F)
RECORD
HIGH 85 02/23/2023
LOW 5 02/05/1996
HIGHEST 74 02/10 74 0 85 02/23
LOWEST 25 02/22 20 5 22 02/04
AVG. MAXIMUM 56.2 55.0 1.2 62.3
AVG. MINIMUM 36.4 35.0 1.4 42.1
MEAN 46.3 45.0 1.3 52.2
DAYS MAX >= 90 0 0.0 0.0 0
DAYS MAX <= 32 0 0.4 -0.4 0
DAYS MIN <= 32 10 11.0 -1.0 5
DAYS MIN <= 0 0 0.0 0.0 0
PRECIPITATION (INCHES)
RECORD
MAXIMUM 7.40 1939
MINIMUM 0.59 2009
TOTALS 1.35 2.87 -1.52 2.67
DAILY AVG. 0.05 NAN NAN 0.10
DAYS >= .01 7 9.9 -2.9 12
DAYS >= .10 6 5.7 0.3 9
DAYS >= .50 1 1.6 -0.6 1
DAYS >= 1.00 0 0.5 -0.5 1
GREATEST
24 HR. TOTAL 0.52 02/23 TO 02/23
SNOWFALL (INCHES)
RECORDS
TOTAL 26.0 1948
TOTALS 0.0
SINCE 7/1 0.0 MM MM MM
SNOWDEPTH AVG. 0 0
DAYS >= 1.0 0 MM MM 0
GREATEST
SNOW DEPTH 0 0 MM
24 HR TOTAL MM MM 0.0
DEGREE DAYS
HEATING TOTAL 533 562 -29 368
SINCE 7/1 2192 2395 -203 MM
COOLING TOTAL 0 2 -2 14
SINCE 1/1 6 3 3 MM
................................................................
WIND (MPH)
AVERAGE WIND SPEED 9.8
HIGHEST WIND SPEED/DIRECTION 43/280 DATE 02/13
HIGHEST GUST SPEED/DIRECTION 58/290 DATE 02/13
SKY COVER
POSSIBLE SUNSHINE (PERCENT) MM
AVERAGE SKY COVER 0.26
AVERAGE RH (PERCENT) 69
WEATHER CONDITIONS. NUMBER OF DAYS WITH
THUNDERSTORM 1 MIXED PRECIP 0
HEAVY RAIN 2 RAIN 4
LIGHT RAIN 10 FREEZING RAIN 0
LT FREEZING RAIN 0 HAIL 0
HEAVY SNOW 0 SNOW 0
LIGHT SNOW 0 SLEET 0
FOG 12 FOG W/VIS <= 1/4 MILE 3
HAZE 0
- INDICATES NEGATIVE NUMBERS.
R INDICATES RECORD WAS SET OR TIED.
MM INDICATES DATA IS MISSING.
T INDICATES TRACE AMOUNT.
$$